CRAN Package Check Results for Package RcppDE

Last updated on 2021-01-25 00:48:07 CET.

Flavor Version Tinstall Tcheck Ttotal Status Flags
r-devel-linux-x86_64-debian-clang 0.1.6 55.18 48.72 103.90 OK
r-devel-linux-x86_64-debian-gcc 0.1.6 39.81 38.32 78.13 OK
r-devel-linux-x86_64-fedora-clang 0.1.6 151.60 OK
r-devel-linux-x86_64-fedora-gcc 0.1.6 134.13 OK
r-devel-windows-ix86+x86_64 0.1.6 136.00 110.00 246.00 OK
r-patched-linux-x86_64 0.1.6 45.66 46.96 92.62 OK
r-patched-solaris-x86 0.1.6 148.30 OK
r-release-linux-x86_64 0.1.6 48.19 46.66 94.85 WARN
r-release-macos-x86_64 0.1.6 OK
r-release-windows-ix86+x86_64 0.1.6 99.00 108.00 207.00 OK
r-oldrel-macos-x86_64 0.1.6 OK
r-oldrel-windows-ix86+x86_64 0.1.6 98.00 98.00 196.00 OK

Additional issues

clang-UBSAN

Check Details

Version: 0.1.6
Check: re-building of vignette outputs
Result: WARN
    Error(s) in re-building vignettes:
     ...
    --- re-building ‘RcppDE.Rnw’ using Sweave
    Now loading:
     RcppDE: C++ Implementation of Differential Evolution Optimisation
     Author: Dirk Eddelbuettel
    Based on:
     DEoptim (version 2.0-7): Differential Evolution algorithm in R
     Authors: David Ardia, Katharine Mullen, Brian Peterson and Joshua Ulrich
    Error: processing vignette 'RcppDE.Rnw' failed with diagnostics:
    Running ‘texi2dvi’ on ‘RcppDE.tex’ failed.
    LaTeX errors:
    ! Undefined control sequence.
    <recently read> \Hy@colorlink
    
    l.69 \begin{document}
    
    ! Undefined control sequence.
    \close@pdflink ->\Hy@endcolorlink
     \Hy@VerboseLinkStop \pdfendlink
    l.69 \begin{document}
    
    ! Undefined control sequence.
    <recently read> \Hy@colorlink
    
    l.69 \begin{document}
    
    ! Undefined control sequence.
    \close@pdflink ->\Hy@endcolorlink
     \Hy@VerboseLinkStop \pdfendlink
    l.69 \begin{document}
    
    ! Undefined control sequence.
    <recently read> \Hy@colorlink
    
    l.69 \begin{document}
    
    ! Undefined control sequence.
    \close@pdflink ->\Hy@endcolorlink
     \Hy@VerboseLinkStop \pdfendlink
    l.69 \begin{document}
    
    ! Undefined control sequence.
    <recently read> \Hy@colorlink
    
    l.69 \begin{document}
    
    ! Undefined control sequence.
    \close@pdflink ->\Hy@endcolorlink
     \Hy@VerboseLinkStop \pdfendlink
    l.69 \begin{document}
    
    ! Undefined control sequence.
    <recently read> \Hy@colorlink
    
    l.69 \begin{document}
    
    ! Undefined control sequence.
    \close@pdflink ->\Hy@endcolorlink
     \Hy@VerboseLinkStop \pdfendlink
    l.69 \begin{document}
    
    ! Undefined control sequence.
    <recently read> \Hy@colorlink
    
    l.69 \begin{document}
    
    ! Undefined control sequence.
    \close@pdflink ->\Hy@endcolorlink
     \Hy@VerboseLinkStop \pdfendlink
    l.69 \begin{document}
    
    ! Undefined control sequence.
    <recently read> \Hy@colorlink
    
    l.69 \begin{document}
    
    ! Undefined control sequence.
    \close@pdflink ->\Hy@endcolorlink
     \Hy@VerboseLinkStop \pdfendlink
    l.69 \begin{document}
    
    ! Undefined control sequence.
    <recently read> \Hy@colorlink
    
    l.69 \begin{document}
    
    ! Undefined control sequence.
    \close@pdflink ->\Hy@endcolorlink
     \Hy@VerboseLinkStop \pdfendlink
    l.69 \begin{document}
    
    ! Undefined control sequence.
    <recently read> \Hy@colorlink
    
    l.69 \begin{document}
    
    ! Undefined control sequence.
    \close@pdflink ->\Hy@endcolorlink
     \Hy@VerboseLinkStop \pdfendlink
    l.69 \begin{document}
    
    ! Undefined control sequence.
    <recently read> \Hy@colorlink
    
    l.69 \begin{document}
    
    ! Undefined control sequence.
    \close@pdflink ->\Hy@endcolorlink
     \Hy@VerboseLinkStop \pdfendlink
    l.69 \begin{document}
    
    ! Undefined control sequence.
    <recently read> \Hy@colorlink
    
    l.69 \begin{document}
    
    ! Undefined control sequence.
    \close@pdflink ->\Hy@endcolorlink
     \Hy@VerboseLinkStop \pdfendlink
    l.69 \begin{document}
    
    ! Undefined control sequence.
    <recently read> \Hy@colorlink
    
    l.69 \begin{document}
    
    ! Undefined control sequence.
    \close@pdflink ->\Hy@endcolorlink
     \Hy@VerboseLinkStop \pdfendlink
    l.69 \begin{document}
    
    ! Undefined control sequence.
    <recently read> \Hy@colorlink
    
    l.69 \begin{document}
    
    ! Undefined control sequence.
    \close@pdflink ->\Hy@endcolorlink
     \Hy@VerboseLinkStop \pdfendlink
    l.69 \begin{document}
    
    --- failed re-building ‘RcppDE.Rnw’
    
    SUMMARY: processing the following file failed:
     ‘RcppDE.Rnw’
    
    Error: Vignette re-building failed.
    Execution halted
Flavor: r-release-linux-x86_64