CRAN Package Check Results for Package RcppEigen

Last updated on 2021-01-25 00:48:07 CET.

Flavor Version Tinstall Tcheck Ttotal Status Flags
r-devel-linux-x86_64-debian-clang 0.3.3.9.1 83.28 84.29 167.57 OK
r-devel-linux-x86_64-debian-gcc 0.3.3.9.1 63.67 67.08 130.75 OK
r-devel-linux-x86_64-fedora-clang 0.3.3.9.1 222.91 NOTE
r-devel-linux-x86_64-fedora-gcc 0.3.3.9.1 210.02 OK
r-devel-windows-ix86+x86_64 0.3.3.9.1 168.00 384.00 552.00 NOTE
r-patched-linux-x86_64 0.3.3.9.1 74.87 80.51 155.38 OK
r-patched-solaris-x86 0.3.3.9.1 334.10 NOTE
r-release-linux-x86_64 0.3.3.9.1 68.51 72.40 140.91 WARN
r-release-macos-x86_64 0.3.3.9.1 NOTE
r-release-windows-ix86+x86_64 0.3.3.9.1 128.00 395.00 523.00 NOTE
r-oldrel-macos-x86_64 0.3.3.9.1 NOTE
r-oldrel-windows-ix86+x86_64 0.3.3.9.1 131.00 336.00 467.00 NOTE

Check Details

Version: 0.3.3.9.1
Check: installed package size
Result: NOTE
     installed size is 32.6Mb
     sub-directories of 1Mb or more:
     include 7.9Mb
     libs 24.0Mb
Flavors: r-devel-linux-x86_64-fedora-clang, r-devel-windows-ix86+x86_64, r-patched-solaris-x86, r-release-macos-x86_64, r-release-windows-ix86+x86_64, r-oldrel-macos-x86_64, r-oldrel-windows-ix86+x86_64

Version: 0.3.3.9.1
Check: re-building of vignette outputs
Result: WARN
    Error(s) in re-building vignettes:
     ...
    --- re-building ‘RcppEigen-Introduction.Rnw’ using Sweave
    Error: processing vignette 'RcppEigen-Introduction.Rnw' failed with diagnostics:
    Running ‘texi2dvi’ on ‘RcppEigen-Introduction.tex’ failed.
    LaTeX errors:
    ! Undefined control sequence.
    <recently read> \Hy@colorlink
    
    l.76 \begin{document}
    
    ! Undefined control sequence.
    \close@pdflink ->\Hy@endcolorlink
     \Hy@VerboseLinkStop \pdfendlink
    l.76 \begin{document}
    
    ! Undefined control sequence.
    <recently read> \Hy@colorlink
    
    l.76 \begin{document}
    
    ! Undefined control sequence.
    \close@pdflink ->\Hy@endcolorlink
     \Hy@VerboseLinkStop \pdfendlink
    l.76 \begin{document}
    
    ! Undefined control sequence.
    <recently read> \Hy@colorlink
    
    l.76 \begin{document}
    
    ! Undefined control sequence.
    \close@pdflink ->\Hy@endcolorlink
     \Hy@VerboseLinkStop \pdfendlink
    l.76 \begin{document}
    
    ! Undefined control sequence.
    <recently read> \Hy@colorlink
    
    l.76 \begin{document}
    
    ! Undefined control sequence.
    \close@pdflink ->\Hy@endcolorlink
     \Hy@VerboseLinkStop \pdfendlink
    l.76 \begin{document}
    
    ! Undefined control sequence.
    <recently read> \Hy@colorlink
    
    l.76 \begin{document}
    
    ! Undefined control sequence.
    \close@pdflink ->\Hy@endcolorlink
     \Hy@VerboseLinkStop \pdfendlink
    l.76 \begin{document}
    
    ! Undefined control sequence.
    <recently read> \Hy@colorlink
    
    l.76 \begin{document}
    
    ! Undefined control sequence.
    \close@pdflink ->\Hy@endcolorlink
     \Hy@VerboseLinkStop \pdfendlink
    l.76 \begin{document}
    
    ! Undefined control sequence.
    <recently read> \Hy@colorlink
    
    l.76 \begin{document}
    
    ! Undefined control sequence.
    \close@pdflink ->\Hy@endcolorlink
     \Hy@VerboseLinkStop \pdfendlink
    l.76 \begin{document}
    
    ! Undefined control sequence.
    <recently read> \Hy@colorlink
    
    l.76 \begin{document}
    
    ! Undefined control sequence.
    \close@pdflink ->\Hy@endcolorlink
     \Hy@VerboseLinkStop \pdfendlink
    l.76 \begin{document}
    
    --- failed re-building ‘RcppEigen-Introduction.Rnw’
    
    SUMMARY: processing the following file failed:
     ‘RcppEigen-Introduction.Rnw’
    
    Error: Vignette re-building failed.
    Execution halted
Flavor: r-release-linux-x86_64