CRAN Package Check Results for Package Rfssa

Last updated on 2021-01-25 00:48:08 CET.

Flavor Version Tinstall Tcheck Ttotal Status Flags
r-devel-linux-x86_64-debian-clang 1.0.0 107.47 135.90 243.37 OK
r-devel-linux-x86_64-debian-gcc 1.0.0 68.98 102.40 171.38 OK
r-devel-linux-x86_64-fedora-clang 1.0.0 319.05 NOTE
r-devel-linux-x86_64-fedora-gcc 1.0.0 307.81 NOTE
r-devel-windows-ix86+x86_64 1.0.0 264.00 216.00 480.00 OK
r-patched-linux-x86_64 1.0.0 64.32 123.85 188.17 OK
r-patched-solaris-x86 1.0.0 342.50 NOTE
r-release-linux-x86_64 1.0.0 63.35 123.47 186.82 OK
r-release-macos-x86_64 1.0.0 NOTE
r-release-windows-ix86+x86_64 1.0.0 249.00 228.00 477.00 OK
r-oldrel-macos-x86_64 1.0.0 NOTE
r-oldrel-windows-ix86+x86_64 1.0.0 192.00 205.00 397.00 OK

Check Details

Version: 1.0.0
Check: dependencies in R code
Result: NOTE
    Namespace in Imports field not imported from: ‘markdown’
     All declared Imports should be used.
Flavors: r-devel-linux-x86_64-fedora-clang, r-devel-linux-x86_64-fedora-gcc, r-patched-solaris-x86, r-release-macos-x86_64, r-oldrel-macos-x86_64