CRAN Package Check Results for Package Rmagic

Last updated on 2021-01-25 00:48:08 CET.

Flavor Version Tinstall Tcheck Ttotal Status Flags
r-devel-linux-x86_64-debian-clang 2.0.3 9.56 96.95 106.51 OK
r-devel-linux-x86_64-debian-gcc 2.0.3 8.17 74.16 82.33 OK
r-devel-linux-x86_64-fedora-clang 2.0.3 178.85 OK
r-devel-linux-x86_64-fedora-gcc 2.0.3 165.81 OK
r-devel-windows-ix86+x86_64 2.0.3 30.00 13.00 43.00 ERROR
r-patched-linux-x86_64 2.0.3 8.46 89.85 98.31 OK
r-patched-solaris-x86 2.0.3 182.80 OK
r-release-linux-x86_64 2.0.3 10.31 90.12 100.43 OK
r-release-macos-x86_64 2.0.3 OK
r-release-windows-ix86+x86_64 2.0.3 34.00 145.00 179.00 OK
r-oldrel-macos-x86_64 2.0.3 OK
r-oldrel-windows-ix86+x86_64 2.0.3 22.00 138.00 160.00 OK

Check Details

Version: 2.0.3
Check: whether the package can be loaded
Result: ERROR
    Loading this package had a fatal error status code 1
    Loading log:
    Loading required package: Matrix
    Error: package or namespace load failed for 'Rmagic':
     .onLoad failed in loadNamespace() for 'Rmagic', details:
     call: NULL
     error: lexical error: invalid char in json text.
     NA
     (right here) ------^
    Execution halted
Flavor: r-devel-windows-ix86+x86_64