Last updated on 2021-01-25 00:48:09 CET.
Flavor | Version | Tinstall | Tcheck | Ttotal | Status | Flags |
---|---|---|---|---|---|---|
r-devel-linux-x86_64-debian-clang | 0.19.2 | 729.99 | 46.66 | 776.65 | OK | |
r-devel-linux-x86_64-debian-gcc | 0.19.2 | 500.88 | 41.11 | 541.99 | OK | |
r-devel-linux-x86_64-fedora-clang | 0.19.2 | 1159.09 | NOTE | |||
r-devel-linux-x86_64-fedora-gcc | 0.19.2 | 1022.09 | OK | |||
r-devel-windows-ix86+x86_64 | 0.19.2 | 1619.00 | 131.00 | 1750.00 | NOTE | |
r-patched-linux-x86_64 | 0.19.2 | 613.78 | 49.35 | 663.13 | OK | |
r-patched-solaris-x86 | 0.19.2 | 718.50 | OK | |||
r-release-linux-x86_64 | 0.19.2 | 604.15 | 49.47 | 653.62 | OK | |
r-release-macos-x86_64 | 0.19.2 | NOTE | ||||
r-release-windows-ix86+x86_64 | 0.19.2 | 1201.00 | 142.00 | 1343.00 | NOTE | |
r-oldrel-macos-x86_64 | 0.19.2 | NOTE | ||||
r-oldrel-windows-ix86+x86_64 | 0.19.2 | 1251.00 | 125.00 | 1376.00 | NOTE |
Version: 0.19.2
Check: installed package size
Result: NOTE
installed size is 56.9Mb
sub-directories of 1Mb or more:
libs 56.2Mb
Flavors: r-devel-linux-x86_64-fedora-clang, r-devel-windows-ix86+x86_64, r-release-macos-x86_64, r-release-windows-ix86+x86_64, r-oldrel-macos-x86_64, r-oldrel-windows-ix86+x86_64