Last updated on 2021-01-25 00:48:10 CET.
Flavor | Version | Tinstall | Tcheck | Ttotal | Status | Flags |
---|---|---|---|---|---|---|
r-devel-linux-x86_64-debian-clang | 2.1.5 | 6.12 | 189.31 | 195.43 | OK | |
r-devel-linux-x86_64-debian-gcc | 2.1.5 | 5.06 | 132.52 | 137.58 | OK | |
r-devel-linux-x86_64-fedora-clang | 2.1.5 | 232.50 | OK | |||
r-devel-linux-x86_64-fedora-gcc | 2.1.5 | 243.22 | OK | |||
r-devel-windows-ix86+x86_64 | 2.1.5 | 16.00 | 222.00 | 238.00 | OK | |
r-patched-linux-x86_64 | 2.1.5 | 5.85 | 175.64 | 181.49 | OK | |
r-patched-solaris-x86 | 2.1.5 | 297.90 | OK | |||
r-release-linux-x86_64 | 2.1.5 | 5.68 | 178.75 | 184.43 | OK | |
r-release-macos-x86_64 | 2.1.5 | OK | ||||
r-release-windows-ix86+x86_64 | 2.1.5 | 23.00 | 242.00 | 265.00 | OK | |
r-oldrel-macos-x86_64 | 2.1.5 | ERROR | ||||
r-oldrel-windows-ix86+x86_64 | 2.1.4 | 15.00 | 185.00 | 200.00 | OK |
Version: 2.1.5
Check: whether package can be installed
Result: ERROR
Installation failed.
Flavor: r-oldrel-macos-x86_64