CRAN Package Check Results for Package SLOPE

Last updated on 2021-01-25 00:48:10 CET.

Flavor Version Tinstall Tcheck Ttotal Status Flags
r-devel-linux-x86_64-debian-clang 0.3.2 95.05 129.41 224.46 OK
r-devel-linux-x86_64-debian-gcc 0.3.2 66.29 96.90 163.19 OK
r-devel-linux-x86_64-fedora-clang 0.3.2 290.81 NOTE
r-devel-linux-x86_64-fedora-gcc 0.3.2 272.00 OK
r-devel-windows-ix86+x86_64 0.3.2 187.00 265.00 452.00 OK
r-patched-linux-x86_64 0.3.2 77.35 120.62 197.97 OK
r-patched-solaris-x86 0.3.2 328.00 OK
r-release-linux-x86_64 0.3.2 71.71 120.60 192.31 OK
r-release-macos-x86_64 0.3.2 NOTE
r-release-windows-ix86+x86_64 0.3.2 143.00 273.00 416.00 OK
r-oldrel-macos-x86_64 0.3.2 NOTE
r-oldrel-windows-ix86+x86_64 0.3.2 147.00 252.00 399.00 OK

Check Details

Version: 0.3.2
Check: installed package size
Result: NOTE
     installed size is 8.4Mb
     sub-directories of 1Mb or more:
     libs 8.0Mb
Flavors: r-devel-linux-x86_64-fedora-clang, r-release-macos-x86_64, r-oldrel-macos-x86_64