Last updated on 2021-01-25 00:48:11 CET.
Flavor | Version | Tinstall | Tcheck | Ttotal | Status | Flags |
---|---|---|---|---|---|---|
r-devel-linux-x86_64-debian-clang | 0.2.0 | 18.78 | 169.33 | 188.11 | OK | |
r-devel-linux-x86_64-debian-gcc | 0.2.0 | 15.39 | 125.20 | 140.59 | OK | |
r-devel-linux-x86_64-fedora-clang | 0.2.0 | 231.07 | NOTE | |||
r-devel-linux-x86_64-fedora-gcc | 0.2.0 | 220.61 | NOTE | |||
r-devel-windows-ix86+x86_64 | 0.2.0 | 48.00 | 195.00 | 243.00 | OK | |
r-patched-linux-x86_64 | 0.2.0 | 19.23 | 155.25 | 174.48 | OK | |
r-patched-solaris-x86 | 0.2.0 | 343.60 | NOTE | |||
r-release-linux-x86_64 | 0.2.0 | 18.61 | 153.79 | 172.40 | OK | |
r-release-macos-x86_64 | 0.2.0 | NOTE | ||||
r-release-windows-ix86+x86_64 | 0.2.0 | 61.00 | 209.00 | 270.00 | OK | |
r-oldrel-macos-x86_64 | 0.2.0 | NOTE | ||||
r-oldrel-windows-ix86+x86_64 | 0.2.0 | 37.00 | 185.00 | 222.00 | OK |
Version: 0.2.0
Check: data for non-ASCII characters
Result: NOTE
Note: found 6 marked UTF-8 strings
Flavors: r-devel-linux-x86_64-fedora-clang, r-devel-linux-x86_64-fedora-gcc, r-patched-solaris-x86, r-release-macos-x86_64, r-oldrel-macos-x86_64