CRAN Package Check Results for Package Scalelink

Last updated on 2021-01-25 00:48:09 CET.

Flavor Version Tinstall Tcheck Ttotal Status Flags
r-devel-linux-x86_64-debian-clang 1.0 22.56 31.04 53.60 NOTE
r-devel-linux-x86_64-debian-gcc 1.0 14.18 24.77 38.95 NOTE
r-devel-linux-x86_64-fedora-clang 1.0 80.88 NOTE
r-devel-linux-x86_64-fedora-gcc 1.0 65.39 NOTE
r-devel-windows-ix86+x86_64 1.0 54.00 83.00 137.00 NOTE
r-patched-linux-x86_64 1.0 18.06 30.35 48.41 NOTE
r-patched-solaris-x86 1.0 89.70 NOTE
r-release-linux-x86_64 1.0 17.49 30.32 47.81 NOTE
r-release-macos-x86_64 1.0 NOTE
r-release-windows-ix86+x86_64 1.0 45.00 76.00 121.00 NOTE
r-oldrel-macos-x86_64 1.0 NOTE
r-oldrel-windows-ix86+x86_64 1.0 43.00 74.00 117.00 NOTE

Additional issues

clang-UBSAN gcc-UBSAN

Check Details

Version: 1.0
Check: for GNU extensions in Makefiles
Result: NOTE
    GNU make is a SystemRequirements.
Flavors: r-devel-linux-x86_64-debian-clang, r-devel-linux-x86_64-debian-gcc, r-devel-linux-x86_64-fedora-clang, r-devel-linux-x86_64-fedora-gcc, r-devel-windows-ix86+x86_64, r-patched-linux-x86_64, r-patched-solaris-x86, r-release-linux-x86_64, r-release-macos-x86_64, r-release-windows-ix86+x86_64, r-oldrel-macos-x86_64, r-oldrel-windows-ix86+x86_64