Last updated on 2021-01-25 00:48:10 CET.
Flavor | Version | Tinstall | Tcheck | Ttotal | Status | Flags |
---|---|---|---|---|---|---|
r-devel-linux-x86_64-debian-clang | 1.1.0 | 66.59 | 62.34 | 128.93 | OK | |
r-devel-linux-x86_64-debian-gcc | 1.1.0 | 38.59 | 46.86 | 85.45 | OK | |
r-devel-linux-x86_64-fedora-clang | 1.1.0 | 175.24 | NOTE | |||
r-devel-linux-x86_64-fedora-gcc | 1.1.0 | 144.73 | NOTE | |||
r-devel-windows-ix86+x86_64 | 1.1.0 | 131.00 | 126.00 | 257.00 | NOTE | |
r-patched-linux-x86_64 | 1.1.0 | 45.40 | 58.44 | 103.84 | OK | |
r-patched-solaris-x86 | 1.1.0 | 162.70 | NOTE | |||
r-release-linux-x86_64 | 1.1.0 | 45.83 | 58.69 | 104.52 | OK | |
r-release-macos-x86_64 | 1.1.0 | NOTE | ||||
r-release-windows-ix86+x86_64 | 1.1.0 | 129.00 | 134.00 | 263.00 | NOTE | |
r-oldrel-macos-x86_64 | 1.1.0 | NOTE | ||||
r-oldrel-windows-ix86+x86_64 | 1.1.0 | 111.00 | 115.00 | 226.00 | NOTE |
Version: 1.1.0
Check: installed package size
Result: NOTE
installed size is 8.5Mb
sub-directories of 1Mb or more:
data 6.9Mb
libs 1.1Mb
Flavors: r-devel-linux-x86_64-fedora-clang, r-devel-windows-ix86+x86_64, r-patched-solaris-x86, r-release-macos-x86_64, r-release-windows-ix86+x86_64, r-oldrel-macos-x86_64, r-oldrel-windows-ix86+x86_64
Version: 1.1.0
Check: dependencies in R code
Result: NOTE
Namespace in Imports field not imported from: ‘RColorBrewer’
All declared Imports should be used.
Flavors: r-devel-linux-x86_64-fedora-clang, r-devel-linux-x86_64-fedora-gcc, r-patched-solaris-x86, r-release-macos-x86_64, r-oldrel-macos-x86_64