CRAN Package Check Results for Package SimHaz

Last updated on 2021-01-25 00:48:10 CET.

Flavor Version Tinstall Tcheck Ttotal Status Flags
r-devel-linux-x86_64-debian-clang 0.1 7.10 64.94 72.04 NOTE
r-devel-linux-x86_64-debian-gcc 0.1 6.26 50.42 56.68 NOTE
r-devel-linux-x86_64-fedora-clang 0.1 94.56 NOTE
r-devel-linux-x86_64-fedora-gcc 0.1 85.96 NOTE
r-devel-windows-ix86+x86_64 0.1 16.00 67.00 83.00 OK
r-patched-linux-x86_64 0.1 7.81 61.15 68.96 NOTE
r-patched-solaris-x86 0.1 130.70 NOTE
r-release-linux-x86_64 0.1 7.43 61.31 68.74 NOTE
r-release-macos-x86_64 0.1 OK
r-release-windows-ix86+x86_64 0.1 14.00 82.00 96.00 OK
r-oldrel-macos-x86_64 0.1 OK
r-oldrel-windows-ix86+x86_64 0.1 13.00 77.00 90.00 OK

Check Details

Version: 0.1
Check: for non-standard things in the check directory
Result: NOTE
    Found the following files/directories:
     'database.csv' 'output.csv' 'output_clst.csv'
Flavors: r-devel-linux-x86_64-debian-clang, r-devel-linux-x86_64-debian-gcc, r-devel-linux-x86_64-fedora-clang, r-devel-linux-x86_64-fedora-gcc, r-patched-linux-x86_64, r-patched-solaris-x86, r-release-linux-x86_64