Last updated on 2021-01-25 00:48:11 CET.
Flavor | Version | Tinstall | Tcheck | Ttotal | Status | Flags |
---|---|---|---|---|---|---|
r-devel-linux-x86_64-debian-clang | 2.0.6 | 17.88 | 144.50 | 162.38 | OK | |
r-devel-linux-x86_64-debian-gcc | 2.0.6 | 14.99 | 108.78 | 123.77 | OK | |
r-devel-linux-x86_64-fedora-clang | 2.0.6 | 199.96 | OK | |||
r-devel-linux-x86_64-fedora-gcc | 2.0.6 | 188.82 | OK | |||
r-devel-windows-ix86+x86_64 | 2.0.6 | 40.00 | 159.00 | 199.00 | OK | |
r-patched-linux-x86_64 | 2.0.6 | 11.75 | 133.15 | 144.90 | OK | |
r-patched-solaris-x86 | 2.0.6 | 290.10 | OK | |||
r-release-linux-x86_64 | 2.0.6 | 12.09 | 133.23 | 145.32 | OK | |
r-release-macos-x86_64 | 2.0.6 | ERROR | ||||
r-release-windows-ix86+x86_64 | 2.0.6 | 33.00 | 133.00 | 166.00 | OK | |
r-oldrel-macos-x86_64 | 2.0.6 | OK | ||||
r-oldrel-windows-ix86+x86_64 | 2.0.6 | 30.00 | 148.00 | 178.00 | OK |
Version: 2.0.6
Check: package dependencies
Result: ERROR
Package required and available but unsuitable version: ‘SpaDES.core’
See section ‘The DESCRIPTION file’ in the ‘Writing R Extensions’
manual.
Flavor: r-release-macos-x86_64