CRAN Package Check Results for Package SparseFactorAnalysis

Last updated on 2021-01-25 00:48:11 CET.

Flavor Version Tinstall Tcheck Ttotal Status Flags
r-devel-linux-x86_64-debian-clang 1.0 67.43 69.10 136.53 OK
r-devel-linux-x86_64-debian-gcc 1.0 43.47 51.39 94.86 OK
r-devel-linux-x86_64-fedora-clang 1.0 188.55 NOTE
r-devel-linux-x86_64-fedora-gcc 1.0 163.19 NOTE
r-devel-windows-ix86+x86_64 1.0 154.00 121.00 275.00 OK
r-patched-linux-x86_64 1.0 54.63 62.47 117.10 OK
r-patched-solaris-x86 1.0 183.60 OK
r-release-linux-x86_64 1.0 48.58 62.53 111.11 OK
r-release-macos-x86_64 1.0 OK
r-release-windows-ix86+x86_64 1.0 156.00 129.00 285.00 OK
r-oldrel-macos-x86_64 1.0 OK
r-oldrel-windows-ix86+x86_64 1.0 124.00 104.00 228.00 OK

Check Details

Version: 1.0
Check: compiled code
Result: NOTE
    File ‘SparseFactorAnalysis/libs/SparseFactorAnalysis.so’:
     Found no calls to: ‘R_registerRoutines’, ‘R_useDynamicSymbols’
    
    It is good practice to register native routines and to disable symbol
    search.
    
    See ‘Writing portable packages’ in the ‘Writing R Extensions’ manual.
Flavors: r-devel-linux-x86_64-fedora-clang, r-devel-linux-x86_64-fedora-gcc