CRAN Package Check Results for Package SparseTSCGM

Last updated on 2021-01-25 00:48:11 CET.

Flavor Version Tinstall Tcheck Ttotal Status Flags
r-devel-linux-x86_64-debian-clang 4.0 10.42 92.44 102.86 OK
r-devel-linux-x86_64-debian-gcc 4.0 8.19 71.39 79.58 OK
r-devel-linux-x86_64-fedora-clang 4.0 130.34 NOTE
r-devel-linux-x86_64-fedora-gcc 4.0 120.32 NOTE
r-devel-windows-ix86+x86_64 4.0 23.00 160.00 183.00 OK
r-patched-linux-x86_64 4.0 9.85 85.50 95.35 OK
r-patched-solaris-x86 4.0 184.20 OK
r-release-linux-x86_64 4.0 8.66 85.56 94.22 OK
r-release-macos-x86_64 4.0 OK
r-release-windows-ix86+x86_64 4.0 21.00 127.00 148.00 OK
r-oldrel-macos-x86_64 4.0 OK
r-oldrel-windows-ix86+x86_64 4.0 17.00 150.00 167.00 OK

Check Details

Version: 4.0
Check: compiled code
Result: NOTE
    File ‘SparseTSCGM/libs/SparseTSCGM.so’:
     Found no calls to: ‘R_registerRoutines’, ‘R_useDynamicSymbols’
    
    It is good practice to register native routines and to disable symbol
    search.
    
    See ‘Writing portable packages’ in the ‘Writing R Extensions’ manual.
Flavors: r-devel-linux-x86_64-fedora-clang, r-devel-linux-x86_64-fedora-gcc