Last updated on 2021-01-25 00:48:11 CET.
Flavor | Version | Tinstall | Tcheck | Ttotal | Status | Flags |
---|---|---|---|---|---|---|
r-devel-linux-x86_64-debian-clang | 2.21.0-7 | 33.73 | 552.60 | 586.33 | OK | |
r-devel-linux-x86_64-debian-gcc | 2.21.0-7 | 18.90 | 366.72 | 385.62 | OK | |
r-devel-linux-x86_64-fedora-clang | 2.21.0-7 | 655.87 | NOTE | |||
r-devel-linux-x86_64-fedora-gcc | 2.21.0-7 | 659.36 | OK | |||
r-devel-windows-ix86+x86_64 | 2.21.0-7 | 96.00 | 569.00 | 665.00 | NOTE | |
r-patched-linux-x86_64 | 2.21.0-7 | 22.22 | 489.72 | 511.94 | OK | |
r-patched-solaris-x86 | 2.21.0-7 | 1205.00 | NOTE | |||
r-release-linux-x86_64 | 2.21.0-7 | 22.39 | 487.39 | 509.78 | OK | |
r-release-macos-x86_64 | 2.21.0-7 | NOTE | ||||
r-release-windows-ix86+x86_64 | 2.21.0-7 | 79.00 | 572.00 | 651.00 | NOTE | |
r-oldrel-macos-x86_64 | 2.21.0-7 | NOTE | ||||
r-oldrel-windows-ix86+x86_64 | 2.21.0-7 | 79.00 | 528.00 | 607.00 | NOTE |
Version: 2.21.0-7
Check: installed package size
Result: NOTE
installed size is 13.9Mb
sub-directories of 1Mb or more:
include 10.7Mb
lib 3.0Mb
Flavors: r-devel-linux-x86_64-fedora-clang, r-devel-windows-ix86+x86_64, r-patched-solaris-x86, r-release-macos-x86_64, r-release-windows-ix86+x86_64, r-oldrel-macos-x86_64, r-oldrel-windows-ix86+x86_64