CRAN Package Check Results for Package StratigrapheR

Last updated on 2021-01-25 00:48:11 CET.

Flavor Version Tinstall Tcheck Ttotal Status Flags
r-devel-linux-x86_64-debian-clang 1.1.2 13.96 99.12 113.08 OK
r-devel-linux-x86_64-debian-gcc 1.1.2 10.80 73.94 84.74 OK
r-devel-linux-x86_64-fedora-clang 1.1.2 144.07 OK
r-devel-linux-x86_64-fedora-gcc 1.1.2 130.02 OK
r-devel-windows-ix86+x86_64 1.1.2 26.00 134.00 160.00 OK
r-patched-linux-x86_64 1.1.2 10.85 90.46 101.31 OK
r-patched-solaris-x86 1.1.2 171.50 OK
r-release-linux-x86_64 1.1.2 13.05 92.07 105.12 OK
r-release-macos-x86_64 1.1.2 OK
r-release-windows-ix86+x86_64 1.1.2 40.00 138.00 178.00 OK
r-oldrel-macos-x86_64 1.1.2 ERROR
r-oldrel-windows-ix86+x86_64 1.1.0 21.00 81.00 102.00 OK

Check Details

Version: 1.1.2
Check: whether package can be installed
Result: ERROR
    Installation failed.
Flavor: r-oldrel-macos-x86_64