CRAN Package Check Results for Package StroupGLMM

Last updated on 2021-01-25 00:48:11 CET.

Flavor Version Tinstall Tcheck Ttotal Status Flags
r-devel-linux-x86_64-debian-clang 0.1.0 15.72 134.38 150.10 OK
r-devel-linux-x86_64-debian-gcc 0.1.0 13.05 101.37 114.42 OK
r-devel-linux-x86_64-fedora-clang 0.1.0 185.07 NOTE
r-devel-linux-x86_64-fedora-gcc 0.1.0 175.02 NOTE
r-devel-windows-ix86+x86_64 0.1.0 39.00 172.00 211.00 OK
r-patched-linux-x86_64 0.1.0 14.24 122.48 136.72 OK
r-patched-solaris-x86 0.1.0 262.80 NOTE
r-release-linux-x86_64 0.1.0 15.94 122.80 138.74 OK
r-release-macos-x86_64 0.1.0 NOTE
r-release-windows-ix86+x86_64 0.1.0 43.00 172.00 215.00 OK
r-oldrel-macos-x86_64 0.1.0 NOTE
r-oldrel-windows-ix86+x86_64 0.1.0 27.00 154.00 181.00 OK

Check Details

Version: 0.1.0
Check: dependencies in R code
Result: NOTE
    Namespaces in Imports field not imported from:
     ‘broom’ ‘car’ ‘lmerTest’ ‘pbkrtest’
     All declared Imports should be used.
Flavors: r-devel-linux-x86_64-fedora-clang, r-devel-linux-x86_64-fedora-gcc, r-patched-solaris-x86, r-release-macos-x86_64, r-oldrel-macos-x86_64