Last updated on 2021-01-25 00:48:14 CET.
Flavor | Version | Tinstall | Tcheck | Ttotal | Status | Flags |
---|---|---|---|---|---|---|
r-devel-linux-x86_64-debian-clang | 0.1.0 | 3.59 | 40.88 | 44.47 | OK | |
r-devel-linux-x86_64-debian-gcc | 0.1.0 | 2.45 | 31.86 | 34.31 | OK | |
r-devel-linux-x86_64-fedora-clang | 0.1.0 | 63.68 | NOTE | |||
r-devel-linux-x86_64-fedora-gcc | 0.1.0 | 51.96 | NOTE | |||
r-devel-windows-ix86+x86_64 | 0.1.0 | 10.00 | 58.00 | 68.00 | OK | |
r-patched-linux-x86_64 | 0.1.0 | 3.52 | 39.30 | 42.82 | OK | |
r-patched-solaris-x86 | 0.1.0 | 76.10 | NOTE | |||
r-release-linux-x86_64 | 0.1.0 | 2.94 | 39.13 | 42.07 | OK | |
r-release-macos-x86_64 | 0.1.0 | NOTE | ||||
r-release-windows-ix86+x86_64 | 0.1.0 | 18.00 | 66.00 | 84.00 | OK | |
r-oldrel-macos-x86_64 | 0.1.0 | NOTE | ||||
r-oldrel-windows-ix86+x86_64 | 0.1.0 | 6.00 | 55.00 | 61.00 | OK |
Version: 0.1.0
Check: dependencies in R code
Result: NOTE
Namespace in Imports field not imported from: ‘tibble’
All declared Imports should be used.
Flavors: r-devel-linux-x86_64-fedora-clang, r-devel-linux-x86_64-fedora-gcc, r-patched-solaris-x86, r-release-macos-x86_64, r-oldrel-macos-x86_64