Last updated on 2021-01-25 00:47:50 CET.
Flavor | Version | Tinstall | Tcheck | Ttotal | Status | Flags |
---|---|---|---|---|---|---|
r-devel-linux-x86_64-debian-clang | 1.2.1 | 19.67 | 187.18 | 206.85 | OK | |
r-devel-linux-x86_64-debian-gcc | 1.2.1 | 16.90 | 137.20 | 154.10 | OK | |
r-devel-linux-x86_64-fedora-clang | 1.2.1 | 251.62 | NOTE | |||
r-devel-linux-x86_64-fedora-gcc | 1.2.1 | 243.53 | NOTE | |||
r-devel-windows-ix86+x86_64 | 1.2.1 | 42.00 | 220.00 | 262.00 | OK | |
r-patched-linux-x86_64 | 1.2.1 | 24.11 | 172.44 | 196.55 | OK | |
r-release-linux-x86_64 | 1.2.1 | 22.07 | 173.70 | 195.77 | OK | |
r-release-macos-x86_64 | 1.2.1 | NOTE | ||||
r-release-windows-ix86+x86_64 | 1.2.1 | 42.00 | 298.00 | 340.00 | OK | |
r-oldrel-macos-x86_64 | 1.2.1 | NOTE | ||||
r-oldrel-windows-ix86+x86_64 | 1.2.1 | 29.00 | 211.00 | 240.00 | OK |
Version: 1.2.1
Check: installed package size
Result: NOTE
installed size is 5.0Mb
sub-directories of 1Mb or more:
doc 3.7Mb
Flavors: r-devel-linux-x86_64-fedora-clang, r-release-macos-x86_64, r-oldrel-macos-x86_64
Version: 1.2.1
Check: dependencies in R code
Result: NOTE
Namespace in Imports field not imported from: ‘svglite’
All declared Imports should be used.
Flavors: r-devel-linux-x86_64-fedora-clang, r-devel-linux-x86_64-fedora-gcc, r-release-macos-x86_64, r-oldrel-macos-x86_64
Version: 1.2.1
Check: package dependencies
Result: NOTE
Package suggested but not available for checking: ‘gWidgets2RGtk2’
Flavor: r-oldrel-macos-x86_64