CRAN Package Check Results for Package activpalProcessing

Last updated on 2021-01-25 00:47:51 CET.

Flavor Version Tinstall Tcheck Ttotal Status Flags
r-devel-linux-x86_64-debian-clang 1.0.2 8.60 50.78 59.38 OK
r-devel-linux-x86_64-debian-gcc 1.0.2 7.27 40.09 47.36 OK
r-devel-linux-x86_64-fedora-clang 1.0.2 83.81 NOTE
r-devel-linux-x86_64-fedora-gcc 1.0.2 73.11 OK
r-devel-windows-ix86+x86_64 1.0.2 15.00 76.00 91.00 NOTE
r-patched-linux-x86_64 1.0.2 10.16 48.85 59.01 OK
r-patched-solaris-x86 1.0.2 111.10 NOTE
r-release-linux-x86_64 1.0.2 9.23 49.15 58.38 OK
r-release-macos-x86_64 1.0.2 NOTE
r-release-windows-ix86+x86_64 1.0.2 13.00 74.00 87.00 NOTE
r-oldrel-macos-x86_64 1.0.2 NOTE
r-oldrel-windows-ix86+x86_64 1.0.2 13.00 74.00 87.00 NOTE

Check Details

Version: 1.0.2
Check: installed package size
Result: NOTE
     installed size is 5.6Mb
     sub-directories of 1Mb or more:
     data 5.4Mb
Flavors: r-devel-linux-x86_64-fedora-clang, r-devel-windows-ix86+x86_64, r-patched-solaris-x86, r-release-macos-x86_64, r-release-windows-ix86+x86_64, r-oldrel-macos-x86_64, r-oldrel-windows-ix86+x86_64