CRAN Package Check Results for Package adepro

Last updated on 2021-01-25 00:47:51 CET.

Flavor Version Tinstall Tcheck Ttotal Status Flags
r-devel-linux-x86_64-debian-clang 3.0.0 9.90 85.11 95.01 OK
r-devel-linux-x86_64-debian-gcc 3.0.0 6.80 63.03 69.83 OK
r-devel-linux-x86_64-fedora-clang 3.0.0 119.43 NOTE
r-devel-linux-x86_64-fedora-gcc 3.0.0 110.54 NOTE
r-devel-windows-ix86+x86_64 3.0.0 25.00 120.00 145.00 OK
r-patched-linux-x86_64 3.0.0 6.83 79.16 85.99 OK
r-patched-solaris-x86 3.0.0 148.80 NOTE
r-release-linux-x86_64 3.0.0 5.63 80.23 85.86 OK
r-release-macos-x86_64 3.0.0 NOTE
r-release-windows-ix86+x86_64 3.0.0 25.00 121.00 146.00 OK
r-oldrel-macos-x86_64 3.0.0 NOTE
r-oldrel-windows-ix86+x86_64 3.0.0 18.00 99.00 117.00 OK

Check Details

Version: 3.0.0
Check: dependencies in R code
Result: NOTE
    Namespace in Imports field not imported from: ‘jsonlite’
     All declared Imports should be used.
Flavors: r-devel-linux-x86_64-fedora-clang, r-devel-linux-x86_64-fedora-gcc, r-patched-solaris-x86, r-release-macos-x86_64, r-oldrel-macos-x86_64