CRAN Package Check Results for Package adept

Last updated on 2021-01-25 00:47:51 CET.

Flavor Version Tinstall Tcheck Ttotal Status Flags
r-devel-linux-x86_64-debian-clang 1.1.2 11.62 343.69 355.31 OK
r-devel-linux-x86_64-debian-gcc 1.1.2 10.20 246.44 256.64 OK
r-devel-linux-x86_64-fedora-clang 1.1.2 418.08 NOTE
r-devel-linux-x86_64-fedora-gcc 1.1.2 402.86 NOTE
r-devel-windows-ix86+x86_64 1.1.2 28.00 161.00 189.00 NOTE --no-vignettes
r-patched-linux-x86_64 1.1.2 11.11 321.71 332.82 OK
r-patched-solaris-x86 1.1.2 930.40 NOTE
r-release-linux-x86_64 1.1.2 10.88 325.21 336.09 OK
r-release-macos-x86_64 1.1.2 NOTE
r-release-windows-ix86+x86_64 1.1.2 35.00 156.00 191.00 NOTE --no-vignettes
r-oldrel-macos-x86_64 1.1.2 NOTE
r-oldrel-windows-ix86+x86_64 1.1.2 19.00 138.00 157.00 NOTE --no-vignettes

Check Details

Version: 1.1.2
Check: installed package size
Result: NOTE
     installed size is 5.5Mb
     sub-directories of 1Mb or more:
     doc 4.7Mb
Flavors: r-devel-linux-x86_64-fedora-clang, r-patched-solaris-x86, r-release-macos-x86_64, r-oldrel-macos-x86_64

Version: 1.1.2
Check: dependencies in R code
Result: NOTE
    Namespace in Imports field not imported from: ‘tibble’
     All declared Imports should be used.
Flavors: r-devel-linux-x86_64-fedora-clang, r-devel-linux-x86_64-fedora-gcc, r-patched-solaris-x86, r-release-macos-x86_64, r-oldrel-macos-x86_64

Version: 1.1.2
Flags: --no-vignettes
Check: installed package size
Result: NOTE
     installed size is 5.5Mb
     sub-directories of 1Mb or more:
     doc 4.7Mb
Flavors: r-devel-windows-ix86+x86_64, r-release-windows-ix86+x86_64, r-oldrel-windows-ix86+x86_64