Last updated on 2021-01-25 00:47:51 CET.
Flavor | Version | Tinstall | Tcheck | Ttotal | Status | Flags |
---|---|---|---|---|---|---|
r-devel-linux-x86_64-debian-clang | 0.2.2 | 48.37 | 161.11 | 209.48 | OK | |
r-devel-linux-x86_64-debian-gcc | 0.2.2 | 30.78 | 121.96 | 152.74 | OK | |
r-devel-linux-x86_64-fedora-clang | 0.2.2 | 274.87 | NOTE | |||
r-devel-linux-x86_64-fedora-gcc | 0.2.2 | 262.55 | NOTE | |||
r-devel-windows-ix86+x86_64 | 0.2.2 | 114.00 | 284.00 | 398.00 | OK | |
r-patched-linux-x86_64 | 0.2.2 | 34.45 | 169.46 | 203.91 | OK | |
r-patched-solaris-x86 | 0.2.2 | 508.70 | OK | |||
r-release-linux-x86_64 | 0.2.2 | 37.54 | 166.46 | 204.00 | OK | |
r-release-macos-x86_64 | 0.2.2 | OK | ||||
r-release-windows-ix86+x86_64 | 0.2.2 | 94.00 | 280.00 | 374.00 | OK | |
r-oldrel-macos-x86_64 | 0.2.2 | OK | ||||
r-oldrel-windows-ix86+x86_64 | 0.2.2 | 91.00 | 258.00 | 349.00 | OK |
Version: 0.2.2
Check: compiled code
Result: NOTE
File ‘alphabetr/libs/alphabetr.so’:
Found no calls to: ‘R_registerRoutines’, ‘R_useDynamicSymbols’
It is good practice to register native routines and to disable symbol
search.
See ‘Writing portable packages’ in the ‘Writing R Extensions’ manual.
Flavors: r-devel-linux-x86_64-fedora-clang, r-devel-linux-x86_64-fedora-gcc