Last updated on 2021-01-25 00:47:51 CET.
Flavor | Version | Tinstall | Tcheck | Ttotal | Status | Flags |
---|---|---|---|---|---|---|
r-devel-linux-x86_64-debian-clang | 4.1.1 | 6.95 | 72.82 | 79.77 | OK | |
r-devel-linux-x86_64-debian-gcc | 4.1.1 | 5.22 | 54.39 | 59.61 | OK | |
r-devel-linux-x86_64-fedora-clang | 4.1.1 | 102.37 | OK | |||
r-devel-linux-x86_64-fedora-gcc | 4.1.1 | 93.01 | OK | |||
r-devel-windows-ix86+x86_64 | 4.1.1 | 15.00 | 92.00 | 107.00 | OK | |
r-patched-linux-x86_64 | 4.1.1 | 6.94 | 66.70 | 73.64 | OK | |
r-patched-solaris-x86 | 4.1.1 | 135.80 | NOTE | |||
r-release-linux-x86_64 | 4.1.1 | 7.10 | 66.23 | 73.33 | OK | |
r-release-macos-x86_64 | 4.1.1 | OK | ||||
r-release-windows-ix86+x86_64 | 4.1.1 | 13.00 | 75.00 | 88.00 | OK | |
r-oldrel-macos-x86_64 | 4.1.1 | ERROR | ||||
r-oldrel-windows-ix86+x86_64 | 4.1.1 | 11.00 | 74.00 | 85.00 | OK |
Version: 4.1.1
Check: package dependencies
Result: NOTE
Package suggested but not available for checking: ‘rsvg’
Flavor: r-patched-solaris-x86
Version: 4.1.1
Check: package dependencies
Result: ERROR
Package required and available but unsuitable version: ‘vegawidget’
See section ‘The DESCRIPTION file’ in the ‘Writing R Extensions’
manual.
Flavor: r-oldrel-macos-x86_64