CRAN Package Check Results for Package apc

Last updated on 2021-01-25 00:47:51 CET.

Flavor Version Tinstall Tcheck Ttotal Status Flags
r-devel-linux-x86_64-debian-clang 2.0.0 21.54 651.13 672.67 OK
r-devel-linux-x86_64-debian-gcc 2.0.0 19.91 485.44 505.35 OK
r-devel-linux-x86_64-fedora-clang 2.0.0 785.77 NOTE
r-devel-linux-x86_64-fedora-gcc 2.0.0 801.51 NOTE
r-devel-windows-ix86+x86_64 2.0.0 44.00 754.00 798.00 OK
r-patched-linux-x86_64 2.0.0 20.05 594.81 614.86 OK
r-patched-solaris-x86 2.0.0 1622.50 NOTE
r-release-linux-x86_64 2.0.0 20.59 606.08 626.67 OK
r-release-macos-x86_64 2.0.0 NOTE
r-release-windows-ix86+x86_64 2.0.0 45.00 734.00 779.00 OK
r-oldrel-macos-x86_64 2.0.0 NOTE
r-oldrel-windows-ix86+x86_64 2.0.0 33.00 727.00 760.00 NOTE

Check Details

Version: 2.0.0
Check: dependencies in R code
Result: NOTE
    Namespaces in Imports field not imported from:
     ‘AER’ ‘ChainLadder’ ‘ISLR’ ‘ggplot2’
     All declared Imports should be used.
Flavors: r-devel-linux-x86_64-fedora-clang, r-devel-linux-x86_64-fedora-gcc, r-patched-solaris-x86, r-release-macos-x86_64, r-oldrel-macos-x86_64

Version: 2.0.0
Check: R code for possible problems
Result: NOTE
    apc.plot.data.sparsity : function.sparsity.plot: no visible global
     function definition for ‘plot’
    apc.plot.data.sums: no visible global function definition for ‘plot’
    apc.plot.fit : function.plot.est.sdv: no visible global function
     definition for ‘plot’
    apc.plot.fit.pt: no visible global function definition for ‘plot’
    new.apc.plot.fit : function.plot.est.sdv: no visible global function
     definition for ‘plot’
    Undefined global functions or variables:
     plot
    Consider adding
     importFrom("graphics", "plot")
    to your NAMESPACE file.
Flavors: r-oldrel-macos-x86_64, r-oldrel-windows-ix86+x86_64