Last updated on 2021-01-25 00:47:51 CET.
Flavor | Version | Tinstall | Tcheck | Ttotal | Status | Flags |
---|---|---|---|---|---|---|
r-devel-linux-x86_64-debian-clang | 0.1.0 | 18.21 | 184.36 | 202.57 | OK | |
r-devel-linux-x86_64-debian-gcc | 0.1.0 | 14.45 | 140.12 | 154.57 | OK | |
r-devel-linux-x86_64-fedora-clang | 0.1.0 | 248.18 | NOTE | |||
r-devel-linux-x86_64-fedora-gcc | 0.1.0 | 240.44 | NOTE | |||
r-devel-windows-ix86+x86_64 | 0.1.0 | 27.00 | 149.00 | 176.00 | OK | |
r-patched-linux-x86_64 | 0.1.0 | 15.88 | 169.02 | 184.90 | OK | |
r-patched-solaris-x86 | 0.1.0 | 351.50 | NOTE | |||
r-release-linux-x86_64 | 0.1.0 | 9.82 | 114.25 | 124.07 | OK | |
r-release-macos-x86_64 | 0.1.0 | NOTE | ||||
r-release-windows-ix86+x86_64 | 0.1.0 | 41.00 | 147.00 | 188.00 | OK | |
r-oldrel-macos-x86_64 | 0.1.0 | NOTE | ||||
r-oldrel-windows-ix86+x86_64 | 0.1.0 | 19.00 | 137.00 | 156.00 | OK |
Version: 0.1.0
Check: dependencies in R code
Result: NOTE
Namespace in Imports field not imported from: ‘mvtnorm’
All declared Imports should be used.
Flavors: r-devel-linux-x86_64-fedora-clang, r-devel-linux-x86_64-fedora-gcc, r-patched-solaris-x86, r-release-macos-x86_64, r-oldrel-macos-x86_64