Last updated on 2021-01-25 00:47:51 CET.
Flavor | Version | Tinstall | Tcheck | Ttotal | Status | Flags |
---|---|---|---|---|---|---|
r-devel-linux-x86_64-debian-clang | 0.0-3 | 3.61 | 36.87 | 40.48 | OK | |
r-devel-linux-x86_64-debian-gcc | 0.0-3 | 2.99 | 28.55 | 31.54 | OK | |
r-devel-linux-x86_64-fedora-clang | 0.0-3 | 61.10 | NOTE | |||
r-devel-linux-x86_64-fedora-gcc | 0.0-3 | 51.00 | OK | |||
r-devel-windows-ix86+x86_64 | 0.0-3 | 7.00 | 54.00 | 61.00 | OK | |
r-patched-linux-x86_64 | 0.0-3 | 3.95 | 35.10 | 39.05 | OK | |
r-patched-solaris-x86 | 0.0-3 | 70.10 | OK | |||
r-release-linux-x86_64 | 0.0-3 | 3.13 | 35.62 | 38.75 | OK | |
r-release-macos-x86_64 | 0.0-3 | OK | ||||
r-release-windows-ix86+x86_64 | 0.0-3 | 8.00 | 56.00 | 64.00 | OK | |
r-oldrel-macos-x86_64 | 0.0-3 | OK | ||||
r-oldrel-windows-ix86+x86_64 | 0.0-3 | 5.00 | 62.00 | 67.00 | OK |
Version: 0.0-3
Check: Rd cross-references
Result: NOTE
Undeclared package ‘pryr’ in Rd xrefs
Flavor: r-devel-linux-x86_64-fedora-clang