Last updated on 2021-01-25 00:47:51 CET.
Flavor | Version | Tinstall | Tcheck | Ttotal | Status | Flags |
---|---|---|---|---|---|---|
r-devel-linux-x86_64-debian-clang | 0.1.0 | 14.71 | 100.55 | 115.26 | OK | |
r-devel-linux-x86_64-debian-gcc | 0.1.0 | 11.96 | 75.99 | 87.95 | OK | |
r-devel-linux-x86_64-fedora-clang | 0.1.0 | 145.85 | NOTE | |||
r-devel-linux-x86_64-fedora-gcc | 0.1.0 | 140.00 | NOTE | |||
r-devel-windows-ix86+x86_64 | 0.1.0 | 33.00 | 118.00 | 151.00 | OK | |
r-patched-linux-x86_64 | 0.1.0 | 12.99 | 92.17 | 105.16 | OK | |
r-patched-solaris-x86 | 0.1.0 | 190.40 | NOTE | |||
r-release-linux-x86_64 | 0.1.0 | 13.18 | 91.71 | 104.89 | OK | |
r-release-macos-x86_64 | 0.1.0 | NOTE | ||||
r-release-windows-ix86+x86_64 | 0.1.0 | 39.00 | 125.00 | 164.00 | OK | |
r-oldrel-macos-x86_64 | 0.1.0 | NOTE | ||||
r-oldrel-windows-ix86+x86_64 | 0.1.0 | 21.00 | 98.00 | 119.00 | OK |
Version: 0.1.0
Check: dependencies in R code
Result: NOTE
Namespace in Imports field not imported from: ‘abind’
All declared Imports should be used.
Flavors: r-devel-linux-x86_64-fedora-clang, r-devel-linux-x86_64-fedora-gcc, r-patched-solaris-x86, r-release-macos-x86_64, r-oldrel-macos-x86_64