Last updated on 2021-01-25 00:47:51 CET.
Flavor | Version | Tinstall | Tcheck | Ttotal | Status | Flags |
---|---|---|---|---|---|---|
r-devel-linux-x86_64-debian-clang | 2.0.0 | 3.01 | 60.57 | 63.58 | OK | |
r-devel-linux-x86_64-debian-gcc | 2.0.0 | 2.27 | 43.84 | 46.11 | OK | |
r-devel-linux-x86_64-fedora-clang | 2.0.0 | 83.79 | NOTE | |||
r-devel-linux-x86_64-fedora-gcc | 2.0.0 | 76.04 | NOTE | |||
r-devel-windows-ix86+x86_64 | 2.0.0 | 6.00 | 84.00 | 90.00 | OK | |
r-patched-linux-x86_64 | 2.0.0 | 2.88 | 57.17 | 60.05 | OK | |
r-patched-solaris-x86 | 2.0.0 | 98.50 | NOTE | |||
r-release-linux-x86_64 | 2.0.0 | 2.63 | 57.89 | 60.52 | OK | |
r-release-macos-x86_64 | 2.0.0 | NOTE | ||||
r-release-windows-ix86+x86_64 | 2.0.0 | 5.00 | 86.00 | 91.00 | OK | |
r-oldrel-macos-x86_64 | 2.0.0 | NOTE | ||||
r-oldrel-windows-ix86+x86_64 | 2.0.0 | 4.00 | 89.00 | 93.00 | OK |
Version: 2.0.0
Check: dependencies in R code
Result: NOTE
Namespace in Imports field not imported from: ‘igraph’
All declared Imports should be used.
Flavors: r-devel-linux-x86_64-fedora-clang, r-devel-linux-x86_64-fedora-gcc, r-patched-solaris-x86, r-release-macos-x86_64, r-oldrel-macos-x86_64