Last updated on 2021-01-25 00:47:51 CET.
Flavor | Version | Tinstall | Tcheck | Ttotal | Status | Flags |
---|---|---|---|---|---|---|
r-devel-linux-x86_64-debian-clang | 1.0.1 | 12.26 | 94.02 | 106.28 | NOTE | |
r-devel-linux-x86_64-debian-gcc | 1.0.1 | 9.31 | 72.80 | 82.11 | NOTE | |
r-devel-linux-x86_64-fedora-clang | 1.0.1 | 136.37 | NOTE | |||
r-devel-linux-x86_64-fedora-gcc | 1.0.1 | 124.42 | NOTE | |||
r-devel-windows-ix86+x86_64 | 1.0.1 | 26.00 | 119.00 | 145.00 | NOTE | |
r-patched-linux-x86_64 | 1.0.1 | 9.90 | 87.87 | 97.77 | NOTE | |
r-patched-solaris-x86 | 1.0.1 | 200.20 | NOTE | |||
r-release-linux-x86_64 | 1.0.1 | 11.79 | 86.53 | 98.32 | NOTE | |
r-release-macos-x86_64 | 1.0.1 | NOTE | ||||
r-release-windows-ix86+x86_64 | 1.0.1 | 36.00 | 115.00 | 151.00 | NOTE | |
r-oldrel-macos-x86_64 | 1.0.1 | NOTE | ||||
r-oldrel-windows-ix86+x86_64 | 1.0.1 | 20.00 | 114.00 | 134.00 | NOTE |
Version: 1.0.1
Check: package dependencies
Result: NOTE
Package suggested but not available for checking: 'mzR'
Flavors: r-devel-linux-x86_64-debian-clang, r-devel-linux-x86_64-fedora-clang, r-patched-solaris-x86, r-oldrel-macos-x86_64
Version: 1.0.1
Check: dependencies in R code
Result: NOTE
Unexported objects imported by ':::' calls:
'erah:::avoid.processing' 'erah:::convertMSPspectra'
'erah:::convertMSPspectra.dot' 'erah:::getC.rq' 'erah:::getS.OSD'
'erah:::load.file' 'erah:::pre.process' 'erah:::sparse.to.vector'
See the note in ?`:::` about the use of this operator.
Flavors: r-devel-linux-x86_64-debian-clang, r-devel-linux-x86_64-debian-gcc, r-devel-linux-x86_64-fedora-clang, r-devel-linux-x86_64-fedora-gcc, r-devel-windows-ix86+x86_64, r-patched-linux-x86_64, r-patched-solaris-x86, r-release-linux-x86_64, r-release-macos-x86_64, r-release-windows-ix86+x86_64, r-oldrel-windows-ix86+x86_64