Last updated on 2021-01-25 00:47:52 CET.
Flavor | Version | Tinstall | Tcheck | Ttotal | Status | Flags |
---|---|---|---|---|---|---|
r-devel-linux-x86_64-debian-clang | 0.9.15 | 13.80 | 157.71 | 171.51 | OK | |
r-devel-linux-x86_64-debian-gcc | 0.9.15 | 10.63 | 114.70 | 125.33 | OK | |
r-devel-linux-x86_64-fedora-clang | 0.9.15 | 200.97 | NOTE | |||
r-devel-linux-x86_64-fedora-gcc | 0.9.15 | 196.66 | OK | |||
r-devel-windows-ix86+x86_64 | 0.9.15 | 26.00 | 324.00 | 350.00 | OK | |
r-patched-linux-x86_64 | 0.9.15 | 11.29 | 145.70 | 156.99 | OK | |
r-patched-solaris-x86 | 0.9.15 | 276.50 | OK | |||
r-release-linux-x86_64 | 0.9.15 | 12.17 | 147.59 | 159.76 | OK | |
r-release-macos-x86_64 | 0.9.15 | NOTE | ||||
r-release-windows-ix86+x86_64 | 0.9.15 | 20.00 | 378.00 | 398.00 | OK | |
r-oldrel-macos-x86_64 | 0.9.15 | NOTE | ||||
r-oldrel-windows-ix86+x86_64 | 0.9.15 | 20.00 | 281.00 | 301.00 | OK |
Version: 0.9.15
Check: Rd cross-references
Result: NOTE
Undeclared package ‘Rmpi’ in Rd xrefs
Flavor: r-devel-linux-x86_64-fedora-clang
Version: 0.9.15
Check: package dependencies
Result: NOTE
Package suggested but not available for checking: ‘doMPI’
Flavors: r-release-macos-x86_64, r-oldrel-macos-x86_64
Version: 0.9.15
Check: Rd cross-references
Result: NOTE
Package unavailable to check Rd xrefs: ‘Rmpi’
Flavors: r-release-macos-x86_64, r-oldrel-macos-x86_64