Last updated on 2021-01-25 00:47:52 CET.
Flavor | Version | Tinstall | Tcheck | Ttotal | Status | Flags |
---|---|---|---|---|---|---|
r-devel-linux-x86_64-debian-clang | 1.3.4 | 58.68 | 151.72 | 210.40 | OK | |
r-devel-linux-x86_64-debian-gcc | 1.3.4 | 40.00 | 114.70 | 154.70 | OK | |
r-devel-linux-x86_64-fedora-clang | 1.3.4 | 275.09 | NOTE | |||
r-devel-linux-x86_64-fedora-gcc | 1.3.4 | 271.81 | OK | |||
r-devel-windows-ix86+x86_64 | 1.3.4 | 141.00 | 233.00 | 374.00 | NOTE | |
r-patched-linux-x86_64 | 1.3.4 | 50.24 | 139.34 | 189.58 | OK | |
r-patched-solaris-x86 | 1.3.4 | 323.00 | OK | |||
r-release-linux-x86_64 | 1.3.4 | 49.07 | 139.88 | 188.95 | OK | |
r-release-macos-x86_64 | 1.3.4 | NOTE | ||||
r-release-windows-ix86+x86_64 | 1.3.4 | 135.00 | 234.00 | 369.00 | NOTE | |
r-oldrel-macos-x86_64 | 1.3.4 | NOTE | ||||
r-oldrel-windows-ix86+x86_64 | 1.3.4 | 109.00 | 189.00 | 298.00 | OK |
Version: 1.3.4
Check: installed package size
Result: NOTE
installed size is 5.0Mb
sub-directories of 1Mb or more:
doc 2.2Mb
libs 2.1Mb
Flavors: r-devel-linux-x86_64-fedora-clang, r-devel-windows-ix86+x86_64, r-release-macos-x86_64, r-release-windows-ix86+x86_64, r-oldrel-macos-x86_64