Last updated on 2021-01-25 00:47:52 CET.
Flavor | Version | Tinstall | Tcheck | Ttotal | Status | Flags |
---|---|---|---|---|---|---|
r-devel-linux-x86_64-debian-clang | 6.4-0 | 14.33 | 92.23 | 106.56 | OK | |
r-devel-linux-x86_64-debian-gcc | 6.4-0 | 12.50 | 68.27 | 80.77 | OK | |
r-devel-linux-x86_64-fedora-clang | 6.4-0 | 133.67 | NOTE | |||
r-devel-linux-x86_64-fedora-gcc | 6.4-0 | 128.52 | OK | |||
r-devel-windows-ix86+x86_64 | 6.4-0 | 28.00 | 141.00 | 169.00 | OK | |
r-patched-linux-x86_64 | 6.4-0 | 13.94 | 84.18 | 98.12 | OK | |
r-patched-solaris-x86 | 6.4-0 | 157.80 | OK | |||
r-release-linux-x86_64 | 6.4-0 | 16.00 | 83.31 | 99.31 | OK | |
r-release-macos-x86_64 | 6.4-0 | NOTE | ||||
r-release-windows-ix86+x86_64 | 6.4-0 | 21.00 | 142.00 | 163.00 | OK | |
r-oldrel-macos-x86_64 | 6.4-0 | NOTE | ||||
r-oldrel-windows-ix86+x86_64 | 6.4-0 | 21.00 | 146.00 | 167.00 | OK |
Version: 6.4-0
Check: installed package size
Result: NOTE
installed size is 6.0Mb
sub-directories of 1Mb or more:
ex-data 4.7Mb
Flavors: r-devel-linux-x86_64-fedora-clang, r-release-macos-x86_64, r-oldrel-macos-x86_64