CRAN Package Check Results for Package bayesforecast

Last updated on 2021-01-25 00:47:52 CET.

Flavor Version Tinstall Tcheck Ttotal Status Flags
r-devel-linux-x86_64-debian-clang 0.0.1 644.00 195.68 839.68 NOTE
r-devel-linux-x86_64-debian-gcc 0.0.1 379.07 163.58 542.65 NOTE
r-devel-linux-x86_64-fedora-clang 0.0.1 1001.32 NOTE
r-devel-linux-x86_64-fedora-gcc 0.0.1 1103.19 NOTE
r-patched-linux-x86_64 0.0.1 402.36 200.55 602.91 NOTE
r-patched-solaris-x86 0.0.1 841.20 NOTE
r-release-linux-x86_64 0.0.1 397.05 202.66 599.71 NOTE
r-release-macos-x86_64 0.0.1 NOTE
r-release-windows-ix86+x86_64 0.0.1 1141.00 382.00 1523.00 NOTE
r-oldrel-macos-x86_64 0.0.1 ERROR

Check Details

Version: 0.0.1
Check: for GNU extensions in Makefiles
Result: NOTE
    GNU make is a SystemRequirements.
Flavors: r-devel-linux-x86_64-debian-clang, r-devel-linux-x86_64-debian-gcc, r-devel-linux-x86_64-fedora-clang, r-devel-linux-x86_64-fedora-gcc, r-patched-linux-x86_64, r-patched-solaris-x86, r-release-linux-x86_64, r-release-macos-x86_64, r-release-windows-ix86+x86_64

Version: 0.0.1
Check: installed package size
Result: NOTE
     installed size is 88.9Mb
     sub-directories of 1Mb or more:
     libs 88.0Mb
Flavors: r-devel-linux-x86_64-fedora-clang, r-patched-solaris-x86, r-release-macos-x86_64, r-release-windows-ix86+x86_64

Version: 0.0.1
Check: dependencies in R code
Result: NOTE
    Namespaces in Imports field not imported from:
     ‘RcppParallel’ ‘StanHeaders’ ‘astsa’
     All declared Imports should be used.
Flavors: r-devel-linux-x86_64-fedora-clang, r-devel-linux-x86_64-fedora-gcc, r-patched-solaris-x86, r-release-macos-x86_64

Version: 0.0.1
Check: whether package can be installed
Result: ERROR
    Installation failed.
Flavor: r-oldrel-macos-x86_64