Last updated on 2021-01-25 00:47:52 CET.
Flavor | Version | Tinstall | Tcheck | Ttotal | Status | Flags |
---|---|---|---|---|---|---|
r-devel-linux-x86_64-debian-clang | 0.1.0 | 14.07 | 124.28 | 138.35 | OK | |
r-devel-linux-x86_64-debian-gcc | 0.1.0 | 10.97 | 94.29 | 105.26 | OK | |
r-devel-linux-x86_64-fedora-clang | 0.1.0 | 169.71 | NOTE | |||
r-devel-linux-x86_64-fedora-gcc | 0.1.0 | 160.95 | NOTE | |||
r-devel-windows-ix86+x86_64 | 0.1.0 | 34.00 | 147.00 | 181.00 | OK | |
r-patched-linux-x86_64 | 0.1.0 | 15.06 | 113.84 | 128.90 | OK | |
r-patched-solaris-x86 | 0.1.0 | 229.40 | NOTE | |||
r-release-linux-x86_64 | 0.1.0 | 13.55 | 113.91 | 127.46 | OK | |
r-release-macos-x86_64 | 0.1.0 | NOTE | ||||
r-release-windows-ix86+x86_64 | 0.1.0 | 40.00 | 150.00 | 190.00 | OK | |
r-oldrel-macos-x86_64 | 0.1.0 | NOTE | ||||
r-oldrel-windows-ix86+x86_64 | 0.1.0 | 25.00 | 137.00 | 162.00 | OK |
Version: 0.1.0
Check: dependencies in R code
Result: NOTE
Namespaces in Imports field not imported from:
‘ggfortify’ ‘ggplot2’ ‘matrixStats’ ‘reshape2’ ‘scales’
All declared Imports should be used.
Flavors: r-devel-linux-x86_64-fedora-clang, r-devel-linux-x86_64-fedora-gcc, r-patched-solaris-x86, r-release-macos-x86_64, r-oldrel-macos-x86_64