Last updated on 2021-01-25 00:47:52 CET.
Flavor | Version | Tinstall | Tcheck | Ttotal | Status | Flags |
---|---|---|---|---|---|---|
r-devel-linux-x86_64-debian-clang | 4.0.3 | 107.75 | 41.65 | 149.40 | OK | |
r-devel-linux-x86_64-debian-gcc | 4.0.3 | 77.55 | 31.76 | 109.31 | OK | |
r-devel-linux-x86_64-fedora-clang | 4.0.3 | 220.01 | NOTE | |||
r-devel-linux-x86_64-fedora-gcc | 4.0.3 | 194.81 | OK | |||
r-devel-windows-ix86+x86_64 | 4.0.3 | 248.00 | 97.00 | 345.00 | OK | |
r-patched-linux-x86_64 | 4.0.3 | 86.13 | 40.21 | 126.34 | OK | |
r-patched-solaris-x86 | 4.0.3 | 182.40 | OK | |||
r-release-linux-x86_64 | 4.0.3 | 92.55 | 40.61 | 133.16 | OK | |
r-release-macos-x86_64 | 4.0.3 | NOTE | ||||
r-release-windows-ix86+x86_64 | 4.0.3 | 185.00 | 98.00 | 283.00 | OK | |
r-oldrel-macos-x86_64 | 4.0.3 | NOTE | ||||
r-oldrel-windows-ix86+x86_64 | 4.0.3 | 192.00 | 94.00 | 286.00 | OK |
Version: 4.0.3
Check: installed package size
Result: NOTE
installed size is 6.5Mb
sub-directories of 1Mb or more:
libs 6.3Mb
Flavors: r-devel-linux-x86_64-fedora-clang, r-release-macos-x86_64
Version: 4.0.3
Check: package dependencies
Result: NOTE
Package suggested but not available for checking: ‘DNAcopy’
Flavor: r-oldrel-macos-x86_64