CRAN Package Check Results for Package binovisualfields

Last updated on 2021-01-25 00:47:52 CET.

Flavor Version Tinstall Tcheck Ttotal Status Flags
r-devel-linux-x86_64-debian-clang 0.1.1 2.19 26.80 28.99 OK
r-devel-linux-x86_64-debian-gcc 0.1.1 1.80 21.35 23.15 OK
r-devel-linux-x86_64-fedora-clang 0.1.1 44.64 NOTE
r-devel-linux-x86_64-fedora-gcc 0.1.1 35.66 NOTE
r-devel-windows-ix86+x86_64 0.1.1 6.00 45.00 51.00 OK
r-patched-linux-x86_64 0.1.1 2.20 26.59 28.79 OK
r-patched-solaris-x86 0.1.1 54.10 NOTE
r-release-linux-x86_64 0.1.1 2.47 26.19 28.66 OK
r-release-macos-x86_64 0.1.1 NOTE
r-release-windows-ix86+x86_64 0.1.1 24.00 44.00 68.00 OK
r-oldrel-macos-x86_64 0.1.1 NOTE
r-oldrel-windows-ix86+x86_64 0.1.1 3.00 36.00 39.00 OK

Check Details

Version: 0.1.1
Check: dependencies in R code
Result: NOTE
    Namespace in Imports field not imported from: ‘gtools’
     All declared Imports should be used.
Flavors: r-devel-linux-x86_64-fedora-clang, r-devel-linux-x86_64-fedora-gcc, r-patched-solaris-x86, r-release-macos-x86_64, r-oldrel-macos-x86_64