CRAN Package Check Results for Package binsegRcpp

Last updated on 2021-01-25 00:47:52 CET.

Flavor Version Tinstall Tcheck Ttotal Status Flags
r-devel-linux-x86_64-debian-clang 2020.9.3 19.76 32.51 52.27 OK
r-devel-linux-x86_64-debian-gcc 2020.9.3 12.94 24.99 37.93 OK
r-devel-linux-x86_64-fedora-clang 2020.9.3 78.58 OK
r-devel-linux-x86_64-fedora-gcc 2020.9.3 63.45 OK
r-devel-windows-ix86+x86_64 2020.9.3 46.00 76.00 122.00 OK
r-patched-linux-x86_64 2020.9.3 16.53 30.87 47.40 OK
r-patched-solaris-x86 2020.9.3 78.30 OK
r-release-linux-x86_64 2020.9.3 15.30 30.72 46.02 OK
r-release-macos-x86_64 2020.9.3 OK
r-release-windows-ix86+x86_64 2020.9.3 36.00 78.00 114.00 OK
r-oldrel-macos-x86_64 2020.9.3 NOTE
r-oldrel-windows-ix86+x86_64 2020.9.3 38.00 74.00 112.00 NOTE

Check Details

Version: 2020.9.3
Check: R code for possible problems
Result: NOTE
    plot.binseg_normal: no visible global function definition for ‘plot’
    Undefined global functions or variables:
     plot
    Consider adding
     importFrom("graphics", "plot")
    to your NAMESPACE file.
Flavors: r-oldrel-macos-x86_64, r-oldrel-windows-ix86+x86_64