CRAN Package Check Results for Package bmotif

Last updated on 2021-01-25 00:47:53 CET.

Flavor Version Tinstall Tcheck Ttotal Status Flags
r-devel-linux-x86_64-debian-clang 2.0.2 79.07 183.83 262.90 OK
r-devel-linux-x86_64-debian-gcc 2.0.2 53.04 132.46 185.50 OK
r-devel-linux-x86_64-fedora-clang 2.0.2 328.66 NOTE
r-devel-linux-x86_64-fedora-gcc 2.0.2 306.81 OK
r-devel-windows-ix86+x86_64 2.0.2 176.00 386.00 562.00 OK
r-patched-linux-x86_64 2.0.2 66.49 169.82 236.31 OK
r-patched-solaris-x86 2.0.2 402.70 OK
r-release-linux-x86_64 2.0.2 57.48 171.16 228.64 OK
r-release-macos-x86_64 2.0.2 OK
r-release-windows-ix86+x86_64 2.0.2 129.00 385.00 514.00 OK
r-oldrel-macos-x86_64 2.0.2 OK
r-oldrel-windows-ix86+x86_64 2.0.2 150.00 364.00 514.00 OK

Check Details

Version: 2.0.2
Check: installed package size
Result: NOTE
     installed size is 5.8Mb
     sub-directories of 1Mb or more:
     libs 3.6Mb
Flavor: r-devel-linux-x86_64-fedora-clang