CRAN Package Check Results for Package boxr

Last updated on 2021-01-25 00:47:53 CET.

Flavor Version Tinstall Tcheck Ttotal Status Flags
r-devel-linux-x86_64-debian-clang 0.3.6 6.36 53.74 60.10 OK
r-devel-linux-x86_64-debian-gcc 0.3.6 4.26 41.21 45.47 OK
r-devel-linux-x86_64-fedora-clang 0.3.6 78.00 NOTE
r-devel-linux-x86_64-fedora-gcc 0.3.6 74.83 OK
r-devel-windows-ix86+x86_64 0.3.6 12.00 71.00 83.00 OK
r-patched-linux-x86_64 0.3.6 6.37 50.53 56.90 OK
r-patched-solaris-x86 0.3.6 98.60 OK
r-release-linux-x86_64 0.3.6 5.73 51.28 57.01 OK
r-release-macos-x86_64 0.3.6 OK
r-release-windows-ix86+x86_64 0.3.6 11.00 70.00 81.00 OK
r-oldrel-macos-x86_64 0.3.6 OK
r-oldrel-windows-ix86+x86_64 0.3.6 7.00 62.00 69.00 OK

Check Details

Version: 0.3.6
Check: Rd cross-references
Result: NOTE
    Undeclared packages ‘data.table’, ‘readxl’, ‘openxlsx’ in Rd xrefs
Flavor: r-devel-linux-x86_64-fedora-clang