Last updated on 2021-01-25 00:47:53 CET.
Flavor | Version | Tinstall | Tcheck | Ttotal | Status | Flags |
---|---|---|---|---|---|---|
r-devel-linux-x86_64-debian-clang | 1.0.0 | 240.86 | 126.11 | 366.97 | NOTE | |
r-devel-linux-x86_64-debian-gcc | 1.0.0 | 201.23 | 101.64 | 302.87 | NOTE | |
r-devel-linux-x86_64-fedora-clang | 1.0.0 | 500.58 | NOTE | |||
r-devel-linux-x86_64-fedora-gcc | 1.0.0 | 511.02 | NOTE | |||
r-devel-windows-ix86+x86_64 | 1.0.0 | 11.00 | 8.00 | 19.00 | ERROR | |
r-patched-linux-x86_64 | 1.0.0 | 174.95 | 127.26 | 302.21 | NOTE | |
r-patched-solaris-x86 | 1.0.0 | 508.70 | NOTE | |||
r-release-linux-x86_64 | 1.0.0 | 178.05 | 129.17 | 307.22 | NOTE | |
r-release-macos-x86_64 | 1.0.0 | NOTE | ||||
r-release-windows-ix86+x86_64 | 1.0.0 | 527.00 | 258.00 | 785.00 | NOTE | |
r-oldrel-macos-x86_64 | 1.0.0 | ERROR |
Version: 1.0.0
Check: for GNU extensions in Makefiles
Result: NOTE
GNU make is a SystemRequirements.
Flavors: r-devel-linux-x86_64-debian-clang, r-devel-linux-x86_64-debian-gcc, r-devel-linux-x86_64-fedora-clang, r-devel-linux-x86_64-fedora-gcc, r-patched-linux-x86_64, r-patched-solaris-x86, r-release-linux-x86_64, r-release-macos-x86_64, r-release-windows-ix86+x86_64
Version: 1.0.0
Check: installed package size
Result: NOTE
installed size is 46.8Mb
sub-directories of 1Mb or more:
libs 46.0Mb
Flavors: r-devel-linux-x86_64-fedora-clang, r-release-macos-x86_64, r-release-windows-ix86+x86_64
Version: 1.0.0
Check: data for non-ASCII characters
Result: NOTE
Note: found 1448 marked UTF-8 strings
Flavors: r-devel-linux-x86_64-fedora-clang, r-devel-linux-x86_64-fedora-gcc, r-patched-solaris-x86, r-release-macos-x86_64
Version: 1.0.0
Check: whether package can be installed
Result: ERROR
Installation failed.
Flavors: r-devel-windows-ix86+x86_64, r-oldrel-macos-x86_64