CRAN Package Check Results for Package bsts

Last updated on 2021-01-25 00:47:53 CET.

Flavor Version Tinstall Tcheck Ttotal Status Flags
r-devel-linux-x86_64-debian-clang 0.9.5 105.05 289.65 394.70 OK
r-devel-linux-x86_64-debian-gcc 0.9.5 82.61 216.74 299.35 OK
r-devel-linux-x86_64-fedora-clang 0.9.5 488.34 NOTE
r-devel-linux-x86_64-fedora-gcc 0.9.5 513.72 OK
r-devel-windows-ix86+x86_64 0.9.5 241.00 687.00 928.00 ERROR
r-patched-linux-x86_64 0.9.5 103.39 286.40 389.79 OK
r-release-linux-x86_64 0.9.5 102.25 281.38 383.63 OK
r-release-macos-x86_64 0.9.5 NOTE
r-release-windows-ix86+x86_64 0.9.5 246.00 718.00 964.00 NOTE
r-oldrel-macos-x86_64 0.9.5 NOTE
r-oldrel-windows-ix86+x86_64 0.9.5 219.00 682.00 901.00 NOTE

Check Details

Version: 0.9.5
Check: installed package size
Result: NOTE
     installed size is 102.4Mb
     sub-directories of 1Mb or more:
     libs 101.5Mb
Flavors: r-devel-linux-x86_64-fedora-clang, r-devel-windows-ix86+x86_64, r-release-macos-x86_64, r-release-windows-ix86+x86_64, r-oldrel-macos-x86_64, r-oldrel-windows-ix86+x86_64

Version: 0.9.5
Check: running tests for arch ‘i386’
Result: ERROR
     Running 'testthat.R' [203s]
    Running the tests in 'tests/testthat.R' failed.
    Complete output:
     > library(testthat)
     > library(bsts)
     Loading required package: BoomSpikeSlab
     Loading required package: Boom
     Loading required package: MASS
    
     Attaching package: 'Boom'
    
     The following object is masked from 'package:stats':
    
     rWishart
    
    
     Attaching package: 'BoomSpikeSlab'
    
     The following object is masked from 'package:stats':
    
     knots
    
     Loading required package: zoo
    
     Attaching package: 'zoo'
    
     The following objects are masked from 'package:base':
    
     as.Date, as.Date.numeric
    
     Loading required package: xts
    
     Attaching package: 'bsts'
    
     The following object is masked from 'package:BoomSpikeSlab':
    
     SuggestBurn
    
     > library(Boom)
     >
     > test_check("bsts")
     =-=-=-=-= Iteration 0 Sat Jan 23 02:57:59 2021
     =-=-=-=-=
     =-=-=-=-= Iteration 5 Sat Jan 23 02:58:01 2021
     =-=-=-=-=
     =-=-=-=-= Iteration 10 Sat Jan 23 02:58:04 2021
     =-=-=-=-=
     =-=-=-=-= Iteration 15 Sat Jan 23 02:58:07 2021
     =-=-=-=-=
     =-=-=-=-= Iteration 20 Sat Jan 23 02:58:09 2021
     =-=-=-=-=
     =-=-=-=-= Iteration 25 Sat Jan 23 02:58:12 2021
     =-=-=-=-=
     =-=-=-=-= Iteration 30 Sat Jan 23 02:58:14 2021
     =-=-=-=-=
     =-=-=-=-= Iteration 35 Sat Jan 23 02:58:17 2021
     =-=-=-=-=
     =-=-=-=-= Iteration 40 Sat Jan 23 02:58:19 2021
     =-=-=-=-=
     =-=-=-=-= Iteration 45 Sat Jan 23 02:58:22 2021
     =-=-=-=-=
     =-=-=-=-= Iteration 0 Sat Jan 23 02:58:26 2021
     =-=-=-=-=
     =-=-=-=-= Iteration 5 Sat Jan 23 02:58:28 2021
     =-=-=-=-=
     =-=-=-=-= Iteration 10 Sat Jan 23 02:58:31 2021
     =-=-=-=-=
     =-=-=-=-= Iteration 15 Sat Jan 23 02:58:33 2021
     =-=-=-=-=
     =-=-=-=-= Iteration 20 Sat Jan 23 02:58:36 2021
     =-=-=-=-=
     =-=-=-=-= Iteration 25 Sat Jan 23 02:58:39 2021
     =-=-=-=-=
     =-=-=-=-= Iteration 30 Sat Jan 23 02:58:41 2021
     =-=-=-=-=
     =-=-=-=-= Iteration 35 Sat Jan 23 02:58:44 2021
     =-=-=-=-=
     =-=-=-=-= Iteration 40 Sat Jan 23 02:58:47 2021
     =-=-=-=-=
     =-=-=-=-= Iteration 45 Sat Jan 23 02:58:49 2021
     =-=-=-=-=
     =-=-=-=-= Iteration 0 Sat Jan 23 02:58:52 2021
     =-=-=-=-=
     =-=-=-=-= Iteration 10 Sat Jan 23 02:58:52 2021
     =-=-=-=-=
     =-=-=-=-= Iteration 20 Sat Jan 23 02:58:52 2021
     =-=-=-=-=
     =-=-=-=-= Iteration 30 Sat Jan 23 02:58:52 2021
     =-=-=-=-=
     =-=-=-=-= Iteration 40 Sat Jan 23 02:58:52 2021
     =-=-=-=-=
     =-=-=-=-= Iteration 50 Sat Jan 23 02:58:52 2021
     =-=-=-=-=
     =-=-=-=-= Iteration 60 Sat Jan 23 02:58:52 2021
     =-=-=-=-=
     =-=-=-=-= Iteration 70 Sat Jan 23 02:58:52 2021
     =-=-=-=-=
     =-=-=-=-= Iteration 80 Sat Jan 23 02:58:52 2021
     =-=-=-=-=
     =-=-=-=-= Iteration 90 Sat Jan 23 02:58:52 2021
     =-=-=-=-=
     =-=-=-=-= Iteration 0 Sat Jan 23 02:58:52 2021
     =-=-=-=-=
     =-=-=-=-= Iteration 100 Sat Jan 23 02:58:53 2021
     =-=-=-=-=
     =-=-=-=-= Iteration 200 Sat Jan 23 02:58:53 2021
     =-=-=-=-=
     =-=-=-=-= Iteration 300 Sat Jan 23 02:58:53 2021
     =-=-=-=-=
     =-=-=-=-= Iteration 400 Sat Jan 23 02:58:53 2021
     =-=-=-=-=
     =-=-=-=-= Iteration 500 Sat Jan 23 02:58:54 2021
     =-=-=-=-=
     =-=-=-=-= Iteration 600 Sat Jan 23 02:58:54 2021
     =-=-=-=-=
     =-=-=-=-= Iteration 700 Sat Jan 23 02:58:54 2021
     =-=-=-=-=
     =-=-=-=-= Iteration 800 Sat Jan 23 02:58:54 2021
     =-=-=-=-=
     =-=-=-=-= Iteration 900 Sat Jan 23 02:58:55 2021
     =-=-=-=-=
     =-=-=-=-= Iteration 0 Sat Jan 23 02:58:55 2021
     =-=-=-=-=
     =-=-=-=-= Iteration 10 Sat Jan 23 02:58:55 2021
     =-=-=-=-=
     =-=-=-=-= Iteration 20 Sat Jan 23 02:58:55 2021
     =-=-=-=-=
     =-=-=-=-= Iteration 30 Sat Jan 23 02:58:55 2021
     =-=-=-=-=
     =-=-=-=-= Iteration 40 Sat Jan 23 02:58:55 2021
     =-=-=-=-=
     =-=-=-=-= Iteration 50 Sat Jan 23 02:58:55 2021
     =-=-=-=-=
     =-=-=-=-= Iteration 60 Sat Jan 23 02:58:55 2021
     =-=-=-=-=
     =-=-=-=-= Iteration 70 Sat Jan 23 02:58:55 2021
     =-=-=-=-=
     =-=-=-=-= Iteration 80 Sat Jan 23 02:58:55 2021
     =-=-=-=-=
     =-=-=-=-= Iteration 90 Sat Jan 23 02:58:55 2021
     =-=-=-=-=
     =-=-=-=-= Iteration 0 Sat Jan 23 02:58:55 2021
     =-=-=-=-=
     =-=-=-=-= Iteration 100 Sat Jan 23 02:59:01 2021
     =-=-=-=-=
     =-=-=-=-= Iteration 200 Sat Jan 23 02:59:08 2021
     =-=-=-=-=
     =-=-=-=-= Iteration 300 Sat Jan 23 02:59:14 2021
     =-=-=-=-=
     =-=-=-=-= Iteration 400 Sat Jan 23 02:59:20 2021
     =-=-=-=-=
     =-=-=-=-= Iteration 500 Sat Jan 23 02:59:26 2021
     =-=-=-=-=
     =-=-=-=-= Iteration 600 Sat Jan 23 02:59:33 2021
     =-=-=-=-=
     =-=-=-=-= Iteration 700 Sat Jan 23 02:59:39 2021
     =-=-=-=-=
     =-=-=-=-= Iteration 800 Sat Jan 23 02:59:45 2021
     =-=-=-=-=
     =-=-=-=-= Iteration 900 Sat Jan 23 02:59:51 2021
     =-=-=-=-=
     =-=-=-=-= Iteration 0 Sat Jan 23 02:59:59 2021
     =-=-=-=-=
     =-=-=-=-= Iteration 10 Sat Jan 23 02:59:59 2021
     =-=-=-=-=
     =-=-=-=-= Iteration 20 Sat Jan 23 03:00:00 2021
     =-=-=-=-=
     =-=-=-=-= Iteration 30 Sat Jan 23 03:00:00 2021
     =-=-=-=-=
     =-=-=-=-= Iteration 40 Sat Jan 23 03:00:01 2021
     =-=-=-=-=
     =-=-=-=-= Iteration 50 Sat Jan 23 03:00:02 2021
     =-=-=-=-=
     =-=-=-=-= Iteration 60 Sat Jan 23 03:00:02 2021
     =-=-=-=-=
     =-=-=-=-= Iteration 70 Sat Jan 23 03:00:03 2021
     =-=-=-=-=
     =-=-=-=-= Iteration 80 Sat Jan 23 03:00:03 2021
     =-=-=-=-=
     =-=-=-=-= Iteration 90 Sat Jan 23 03:00:04 2021
     =-=-=-=-=
     =-=-=-=-= Iteration 0 Sat Jan 23 03:00:05 2021
     =-=-=-=-=
     =-=-=-=-= Iteration 10 Sat Jan 23 03:00:05 2021
     =-=-=-=-=
     =-=-=-=-= Iteration 20 Sat Jan 23 03:00:05 2021
     =-=-=-=-=
     =-=-=-=-= Iteration 30 Sat Jan 23 03:00:06 2021
     =-=-=-=-=
     =-=-=-=-= Iteration 40 Sat Jan 23 03:00:06 2021
     =-=-=-=-=
     =-=-=-=-= Iteration 50 Sat Jan 23 03:00:06 2021
     =-=-=-=-=
     =-=-=-=-= Iteration 60 Sat Jan 23 03:00:06 2021
     =-=-=-=-=
     =-=-=-=-= Iteration 70 Sat Jan 23 03:00:07 2021
     =-=-=-=-=
     =-=-=-=-= Iteration 80 Sat Jan 23 03:00:07 2021
     =-=-=-=-=
     =-=-=-=-= Iteration 90 Sat Jan 23 03:00:07 2021
     =-=-=-=-=
     =-=-=-=-= Iteration 0 Sat Jan 23 03:00:08 2021
     =-=-=-=-=
     =-=-=-=-= Iteration 5 Sat Jan 23 03:00:08 2021
     =-=-=-=-=
     =-=-=-=-= Iteration 10 Sat Jan 23 03:00:08 2021
     =-=-=-=-=
     =-=-=-=-= Iteration 15 Sat Jan 23 03:00:08 2021
     =-=-=-=-=
     =-=-=-=-= Iteration 20 Sat Jan 23 03:00:08 2021
     =-=-=-=-=
     =-=-=-=-= Iteration 25 Sat Jan 23 03:00:08 2021
     =-=-=-=-=
     =-=-=-=-= Iteration 30 Sat Jan 23 03:00:09 2021
     =-=-=-=-=
     =-=-=-=-= Iteration 35 Sat Jan 23 03:00:09 2021
     =-=-=-=-=
     =-=-=-=-= Iteration 40 Sat Jan 23 03:00:09 2021
     =-=-=-=-=
     =-=-=-=-= Iteration 45 Sat Jan 23 03:00:09 2021
     =-=-=-=-=
     Starting the prediction.
     =-=-=-=-= Iteration 0 Sat Jan 23 03:00:12 2021
     =-=-=-=-=
     =-=-=-=-= Iteration 10 Sat Jan 23 03:00:13 2021
     =-=-=-=-=
     =-=-=-=-= Iteration 20 Sat Jan 23 03:00:13 2021
     =-=-=-=-=
     =-=-=-=-= Iteration 30 Sat Jan 23 03:00:14 2021
     =-=-=-=-=
     =-=-=-=-= Iteration 40 Sat Jan 23 03:00:15 2021
     =-=-=-=-=
     =-=-=-=-= Iteration 50 Sat Jan 23 03:00:16 2021
     =-=-=-=-=
     =-=-=-=-= Iteration 60 Sat Jan 23 03:00:17 2021
     =-=-=-=-=
     =-=-=-=-= Iteration 70 Sat Jan 23 03:00:18 2021
     =-=-=-=-=
     =-=-=-=-= Iteration 80 Sat Jan 23 03:00:18 2021
     =-=-=-=-=
     =-=-=-=-= Iteration 90 Sat Jan 23 03:00:19 2021
     =-=-=-=-=
     =-=-=-=-= Iteration 0 Sat Jan 23 03:00:23 2021
     =-=-=-=-=
     =-=-=-=-= Iteration 250 Sat Jan 23 03:00:24 2021
     =-=-=-=-=
     =-=-=-=-= Iteration 0 Sat Jan 23 03:00:24 2021
     =-=-=-=-=
     =-=-=-=-= Iteration 250 Sat Jan 23 03:00:24 2021
     =-=-=-=-=
     =-=-=-=-= Iteration 0 Sat Jan 23 03:00:25 2021
     =-=-=-=-=
     =-=-=-=-= Iteration 250 Sat Jan 23 03:00:25 2021
     =-=-=-=-=
     =-=-=-=-= Iteration 0 Sat Jan 23 03:00:25 2021
     =-=-=-=-=
     =-=-=-=-= Iteration 250 Sat Jan 23 03:00:26 2021
     =-=-=-=-=
     =-=-=-=-= Iteration 0 Sat Jan 23 03:00:26 2021
     =-=-=-=-=
     =-=-=-=-= Iteration 250 Sat Jan 23 03:00:27 2021
     =-=-=-=-=
     =-=-=-=-= Iteration 0 Sat Jan 23 03:00:27 2021
     =-=-=-=-=
     =-=-=-=-= Iteration 250 Sat Jan 23 03:00:27 2021
     =-=-=-=-=
     =-=-=-=-= Iteration 0 Sat Jan 23 03:00:28 2021
     =-=-=-=-=
     =-=-=-=-= Iteration 50 Sat Jan 23 03:00:28 2021
     =-=-=-=-=
     =-=-=-=-= Iteration 100 Sat Jan 23 03:00:28 2021
     =-=-=-=-=
     =-=-=-=-= Iteration 150 Sat Jan 23 03:00:28 2021
     =-=-=-=-=
     =-=-=-=-= Iteration 200 Sat Jan 23 03:00:28 2021
     =-=-=-=-=
     =-=-=-=-= Iteration 250 Sat Jan 23 03:00:28 2021
     =-=-=-=-=
     =-=-=-=-= Iteration 300 Sat Jan 23 03:00:28 2021
     =-=-=-=-=
     =-=-=-=-= Iteration 350 Sat Jan 23 03:00:28 2021
     =-=-=-=-=
     =-=-=-=-= Iteration 400 Sat Jan 23 03:00:28 2021
     =-=-=-=-=
     =-=-=-=-= Iteration 450 Sat Jan 23 03:00:29 2021
     =-=-=-=-=
     =-=-=-=-= Iteration 0 Sat Jan 23 03:00:29 2021
     =-=-=-=-=
     =-=-=-=-= Iteration 50 Sat Jan 23 03:00:29 2021
     =-=-=-=-=
     =-=-=-=-= Iteration 100 Sat Jan 23 03:00:29 2021
     =-=-=-=-=
     =-=-=-=-= Iteration 150 Sat Jan 23 03:00:30 2021
     =-=-=-=-=
     =-=-=-=-= Iteration 200 Sat Jan 23 03:00:30 2021
     =-=-=-=-=
     =-=-=-=-= Iteration 250 Sat Jan 23 03:00:30 2021
     =-=-=-=-=
     =-=-=-=-= Iteration 300 Sat Jan 23 03:00:31 2021
     =-=-=-=-=
     =-=-=-=-= Iteration 350 Sat Jan 23 03:00:31 2021
     =-=-=-=-=
     =-=-=-=-= Iteration 400 Sat Jan 23 03:00:31 2021
     =-=-=-=-=
     =-=-=-=-= Iteration 450 Sat Jan 23 03:00:32 2021
     =-=-=-=-=
     =-=-=-=-= Iteration 0 Sat Jan 23 03:00:35 2021
     =-=-=-=-=
     =-=-=-=-= Iteration 50 Sat Jan 23 03:00:36 2021
     =-=-=-=-=
     =-=-=-=-= Iteration 100 Sat Jan 23 03:00:36 2021
     =-=-=-=-=
     =-=-=-=-= Iteration 150 Sat Jan 23 03:00:37 2021
     =-=-=-=-=
     =-=-=-=-= Iteration 200 Sat Jan 23 03:00:37 2021
     =-=-=-=-=
     =-=-=-=-= Iteration 250 Sat Jan 23 03:00:37 2021
     =-=-=-=-=
     =-=-=-=-= Iteration 300 Sat Jan 23 03:00:38 2021
     =-=-=-=-=
     =-=-=-=-= Iteration 350 Sat Jan 23 03:00:38 2021
     =-=-=-=-=
     =-=-=-=-= Iteration 400 Sat Jan 23 03:00:38 2021
     =-=-=-=-=
     =-=-=-=-= Iteration 450 Sat Jan 23 03:00:39 2021
     =-=-=-=-=
     =-=-=-=-= Iteration 0 Sat Jan 23 03:00:46 2021
     =-=-=-=-=
     =-=-=-=-= Iteration 10 Sat Jan 23 03:00:46 2021
     =-=-=-=-=
     =-=-=-=-= Iteration 20 Sat Jan 23 03:00:47 2021
     =-=-=-=-=
     =-=-=-=-= Iteration 30 Sat Jan 23 03:00:48 2021
     =-=-=-=-=
     =-=-=-=-= Iteration 40 Sat Jan 23 03:00:49 2021
     =-=-=-=-=
     =-=-=-=-= Iteration 50 Sat Jan 23 03:00:50 2021
     =-=-=-=-=
     =-=-=-=-= Iteration 60 Sat Jan 23 03:00:51 2021
     =-=-=-=-=
     =-=-=-=-= Iteration 70 Sat Jan 23 03:00:51 2021
     =-=-=-=-=
     =-=-=-=-= Iteration 80 Sat Jan 23 03:00:52 2021
     =-=-=-=-=
     =-=-=-=-= Iteration 90 Sat Jan 23 03:00:53 2021
     =-=-=-=-=
     =-=-=-=-= Iteration 0 Sat Jan 23 03:00:55 2021
     =-=-=-=-=
     =-=-=-=-= Iteration 25 Sat Jan 23 03:00:55 2021
     =-=-=-=-=
     =-=-=-=-= Iteration 50 Sat Jan 23 03:00:55 2021
     =-=-=-=-=
     =-=-=-=-= Iteration 75 Sat Jan 23 03:00:56 2021
     =-=-=-=-=
     =-=-=-=-= Iteration 100 Sat Jan 23 03:00:56 2021
     =-=-=-=-=
     =-=-=-=-= Iteration 125 Sat Jan 23 03:00:56 2021
     =-=-=-=-=
     =-=-=-=-= Iteration 150 Sat Jan 23 03:00:56 2021
     =-=-=-=-=
     =-=-=-=-= Iteration 175 Sat Jan 23 03:00:56 2021
     =-=-=-=-=
     =-=-=-=-= Iteration 200 Sat Jan 23 03:00:56 2021
     =-=-=-=-=
     =-=-=-=-= Iteration 225 Sat Jan 23 03:00:57 2021
     =-=-=-=-=
     =-=-=-=-= Iteration 0 Sat Jan 23 03:00:57 2021
     =-=-=-=-=
     =-=-=-=-= Iteration 25 Sat Jan 23 03:00:57 2021
     =-=-=-=-=
     =-=-=-=-= Iteration 50 Sat Jan 23 03:00:57 2021
     =-=-=-=-=
     =-=-=-=-= Iteration 75 Sat Jan 23 03:00:57 2021
     =-=-=-=-=
     =-=-=-=-= Iteration 100 Sat Jan 23 03:00:57 2021
     =-=-=-=-=
     =-=-=-=-= Iteration 125 Sat Jan 23 03:00:58 2021
     =-=-=-=-=
     =-=-=-=-= Iteration 150 Sat Jan 23 03:00:58 2021
     =-=-=-=-=
     =-=-=-=-= Iteration 175 Sat Jan 23 03:00:58 2021
     =-=-=-=-=
     =-=-=-=-= Iteration 200 Sat Jan 23 03:00:58 2021
     =-=-=-=-=
     =-=-=-=-= Iteration 225 Sat Jan 23 03:00:58 2021
     =-=-=-=-=
     =-=-=-=-= Iteration 0 Sat Jan 23 03:00:59 2021
     =-=-=-=-=
     =-=-=-=-= Iteration 0 Sat Jan 23 03:01:02 2021
     =-=-=-=-=
     =-=-=-=-= Iteration 0 Sat Jan 23 03:01:05 2021
     =-=-=-=-=
     =-=-=-=-= Iteration 0 Sat Jan 23 03:01:12 2021
     =-=-=-=-=
     =-=-=-=-= Iteration 50 Sat Jan 23 03:01:13 2021
     =-=-=-=-=
     =-=-=-=-= Iteration 100 Sat Jan 23 03:01:14 2021
     =-=-=-=-=
     =-=-=-=-= Iteration 150 Sat Jan 23 03:01:14 2021
     =-=-=-=-=
     =-=-=-=-= Iteration 200 Sat Jan 23 03:01:15 2021
     =-=-=-=-=
     =-=-=-=-= Iteration 250 Sat Jan 23 03:01:15 2021
     =-=-=-=-=
     =-=-=-=-= Iteration 300 Sat Jan 23 03:01:16 2021
     =-=-=-=-=
     =-=-=-=-= Iteration 350 Sat Jan 23 03:01:17 2021
     =-=-=-=-=
     =-=-=-=-= Iteration 400 Sat Jan 23 03:01:17 2021
     =-=-=-=-=
     =-=-=-=-= Iteration 450 Sat Jan 23 03:01:18 2021
     =-=-=-=-=
     == Skipped tests ===============================================================
     * empty test (4)
    
     == Failed tests ================================================================
     -- Failure (test-dirm.R:38:3): Models are identical ----------------------------
     all(model$coefficients == model2$coefficients) is not TRUE
    
     `actual`: FALSE
     `expected`: TRUE
     -- Failure (test-dirm.R:39:3): Models are identical ----------------------------
     all(model$sigma.obs == model2$sigma.obs) is not TRUE
    
     `actual`: FALSE
     `expected`: TRUE
    
     [ FAIL 2 | WARN 0 | SKIP 4 | PASS 65 ]
     Error: Test failures
     Execution halted
Flavor: r-devel-windows-ix86+x86_64