Last updated on 2021-01-25 00:47:54 CET.
Flavor | Version | Tinstall | Tcheck | Ttotal | Status | Flags |
---|---|---|---|---|---|---|
r-devel-linux-x86_64-debian-clang | 0.3.0 | 21.52 | 156.38 | 177.90 | OK | |
r-devel-linux-x86_64-debian-gcc | 0.3.0 | 14.98 | 116.48 | 131.46 | OK | |
r-devel-linux-x86_64-fedora-clang | 0.3.0 | 208.98 | NOTE | |||
r-devel-linux-x86_64-fedora-gcc | 0.3.0 | 199.71 | NOTE | |||
r-devel-windows-ix86+x86_64 | 0.3.0 | 32.00 | 176.00 | 208.00 | OK | |
r-patched-linux-x86_64 | 0.3.0 | 16.61 | 146.22 | 162.83 | OK | |
r-patched-solaris-x86 | 0.3.0 | 249.20 | NOTE | |||
r-release-linux-x86_64 | 0.3.0 | 18.07 | 144.46 | 162.53 | OK | |
r-release-macos-x86_64 | 0.3.0 | NOTE | ||||
r-release-windows-ix86+x86_64 | 0.3.0 | 30.00 | 178.00 | 208.00 | OK | |
r-oldrel-macos-x86_64 | 0.3.0 | NOTE | ||||
r-oldrel-windows-ix86+x86_64 | 0.3.0 | 21.00 | 170.00 | 191.00 | OK |
Version: 0.3.0
Check: package dependencies
Result: NOTE
Imports includes 21 non-default packages.
Importing from so many packages makes the package vulnerable to any of
them becoming unavailable. Move as many as possible to Suggests and
use conditionally.
Flavor: r-devel-linux-x86_64-fedora-clang
Version: 0.3.0
Check: dependencies in R code
Result: NOTE
Namespace in Imports field not imported from: ‘Rdpack’
All declared Imports should be used.
Flavors: r-devel-linux-x86_64-fedora-clang, r-devel-linux-x86_64-fedora-gcc, r-patched-solaris-x86, r-release-macos-x86_64, r-oldrel-macos-x86_64