CRAN Package Check Results for Package ca

Last updated on 2021-01-25 00:47:53 CET.

Flavor Version Tinstall Tcheck Ttotal Status Flags
r-devel-linux-x86_64-debian-clang 0.71.1 8.78 44.07 52.85 OK
r-devel-linux-x86_64-debian-gcc 0.71.1 6.09 33.56 39.65 OK
r-devel-linux-x86_64-fedora-clang 0.71.1 69.92 OK
r-devel-linux-x86_64-fedora-gcc 0.71.1 59.65 OK
r-devel-windows-ix86+x86_64 0.71.1 12.00 53.00 65.00 OK
r-patched-linux-x86_64 0.71.1 8.09 41.28 49.37 OK
r-patched-solaris-x86 0.71.1 75.20 OK
r-release-linux-x86_64 0.71.1 8.29 40.83 49.12 OK
r-release-macos-x86_64 0.71.1 OK
r-release-windows-ix86+x86_64 0.71.1 10.00 59.00 69.00 OK
r-oldrel-macos-x86_64 0.71.1 NOTE
r-oldrel-windows-ix86+x86_64 0.71.1 9.00 50.00 59.00 OK

Check Details

Version: 0.71.1
Check: dependencies in R code
Result: NOTE
    No protocol specified
Flavor: r-oldrel-macos-x86_64