Last updated on 2021-01-25 00:47:53 CET.
Flavor | Version | Tinstall | Tcheck | Ttotal | Status | Flags |
---|---|---|---|---|---|---|
r-devel-linux-x86_64-debian-clang | 0.1.4 | 10.34 | 120.64 | 130.98 | OK | |
r-devel-linux-x86_64-debian-gcc | 0.1.4 | 8.61 | 89.97 | 98.58 | OK | |
r-devel-linux-x86_64-fedora-clang | 0.1.4 | 159.42 | NOTE | |||
r-devel-linux-x86_64-fedora-gcc | 0.1.4 | 148.80 | NOTE | |||
r-devel-windows-ix86+x86_64 | 0.1.4 | 24.00 | 147.00 | 171.00 | OK | |
r-patched-linux-x86_64 | 0.1.4 | 10.37 | 111.85 | 122.22 | OK | |
r-patched-solaris-x86 | 0.1.4 | 213.30 | NOTE | |||
r-release-linux-x86_64 | 0.1.4 | 9.82 | 113.95 | 123.77 | OK | |
r-release-macos-x86_64 | 0.1.4 | NOTE | ||||
r-release-windows-ix86+x86_64 | 0.1.4 | 41.00 | 168.00 | 209.00 | OK | |
r-oldrel-macos-x86_64 | 0.1.4 | NOTE | ||||
r-oldrel-windows-ix86+x86_64 | 0.1.4 | 18.00 | 159.00 | 177.00 | OK |
Version: 0.1.4
Check: dependencies in R code
Result: NOTE
Namespaces in Imports field not imported from:
‘janitor’ ‘tibble’
All declared Imports should be used.
Flavors: r-devel-linux-x86_64-fedora-clang, r-devel-linux-x86_64-fedora-gcc, r-patched-solaris-x86, r-release-macos-x86_64, r-oldrel-macos-x86_64
Version: 0.1.4
Check: data for non-ASCII characters
Result: NOTE
Note: found 75 marked UTF-8 strings
Flavors: r-devel-linux-x86_64-fedora-clang, r-devel-linux-x86_64-fedora-gcc, r-patched-solaris-x86, r-release-macos-x86_64, r-oldrel-macos-x86_64