CRAN Package Check Results for Package casino

Last updated on 2021-01-25 00:47:53 CET.

Flavor Version Tinstall Tcheck Ttotal Status Flags
r-devel-linux-x86_64-debian-clang 0.1.0 8.30 49.01 57.31 OK
r-devel-linux-x86_64-debian-gcc 0.1.0 6.80 37.38 44.18 OK
r-devel-linux-x86_64-fedora-clang 0.1.0 78.23 NOTE
r-devel-linux-x86_64-fedora-gcc 0.1.0 77.42 NOTE
r-devel-windows-ix86+x86_64 0.1.0 18.00 66.00 84.00 OK
r-patched-linux-x86_64 0.1.0 7.17 45.80 52.97 OK
r-patched-solaris-x86 0.1.0 90.30 NOTE
r-release-linux-x86_64 0.1.0 9.02 45.92 54.94 OK
r-release-macos-x86_64 0.1.0 NOTE
r-release-windows-ix86+x86_64 0.1.0 33.00 70.00 103.00 OK
r-oldrel-macos-x86_64 0.1.0 NOTE
r-oldrel-windows-ix86+x86_64 0.1.0 13.00 62.00 75.00 OK

Check Details

Version: 0.1.0
Check: dependencies in R code
Result: NOTE
    Namespaces in Imports field not imported from:
     ‘R6’ ‘crayon’ ‘dplyr’ ‘tidyr’
     All declared Imports should be used.
Flavors: r-devel-linux-x86_64-fedora-clang, r-devel-linux-x86_64-fedora-gcc, r-patched-solaris-x86, r-release-macos-x86_64, r-oldrel-macos-x86_64