Last updated on 2021-01-25 00:47:53 CET.
Flavor | Version | Tinstall | Tcheck | Ttotal | Status | Flags |
---|---|---|---|---|---|---|
r-devel-linux-x86_64-debian-clang | 0.2-7 | 238.70 | 61.73 | 300.43 | OK | |
r-devel-linux-x86_64-debian-gcc | 0.2-7 | 180.34 | 45.26 | 225.60 | OK | |
r-devel-linux-x86_64-fedora-clang | 0.2-7 | 437.35 | NOTE | |||
r-devel-linux-x86_64-fedora-gcc | 0.2-7 | 403.02 | OK | |||
r-devel-windows-ix86+x86_64 | 0.2-7 | 533.00 | 126.00 | 659.00 | OK | |
r-patched-linux-x86_64 | 0.2-7 | 191.87 | 58.21 | 250.08 | OK | |
r-patched-solaris-x86 | 0.2-7 | 334.40 | OK | |||
r-release-linux-x86_64 | 0.2-7 | 200.24 | 58.59 | 258.83 | OK | |
r-release-macos-x86_64 | 0.2-7 | NOTE | ||||
r-release-windows-ix86+x86_64 | 0.2-7 | 383.00 | 123.00 | 506.00 | OK | |
r-oldrel-macos-x86_64 | 0.2-7 | NOTE | ||||
r-oldrel-windows-ix86+x86_64 | 0.2-7 | 402.00 | 120.00 | 522.00 | OK |
Version: 0.2-7
Check: installed package size
Result: NOTE
installed size is 21.5Mb
sub-directories of 1Mb or more:
libs 21.2Mb
Flavors: r-devel-linux-x86_64-fedora-clang, r-release-macos-x86_64, r-oldrel-macos-x86_64