CRAN Package Check Results for Package changepoint.np

Last updated on 2021-01-25 00:47:53 CET.

Flavor Version Tinstall Tcheck Ttotal Status Flags
r-devel-linux-x86_64-debian-clang 1.0.3 6.05 40.11 46.16 OK
r-devel-linux-x86_64-debian-gcc 1.0.3 4.54 31.18 35.72 OK
r-devel-linux-x86_64-fedora-clang 1.0.3 64.01 NOTE
r-devel-linux-x86_64-fedora-gcc 1.0.3 57.84 NOTE
r-devel-windows-ix86+x86_64 1.0.3 18.00 69.00 87.00 OK
r-patched-linux-x86_64 1.0.3 5.70 38.64 44.34 OK
r-patched-solaris-x86 1.0.3 77.20 NOTE
r-release-linux-x86_64 1.0.3 5.13 38.86 43.99 OK
r-release-macos-x86_64 1.0.3 NOTE
r-release-windows-ix86+x86_64 1.0.3 19.00 70.00 89.00 OK
r-oldrel-macos-x86_64 1.0.3 NOTE
r-oldrel-windows-ix86+x86_64 1.0.3 10.00 60.00 70.00 OK

Check Details

Version: 1.0.3
Check: dependencies in R code
Result: NOTE
    Namespace in Imports field not imported from: ‘Rdpack’
     All declared Imports should be used.
Flavors: r-devel-linux-x86_64-fedora-clang, r-devel-linux-x86_64-fedora-gcc, r-patched-solaris-x86, r-release-macos-x86_64, r-oldrel-macos-x86_64