CRAN Package Check Results for Package chest

Last updated on 2021-01-25 00:47:53 CET.

Flavor Version Tinstall Tcheck Ttotal Status Flags
r-devel-linux-x86_64-debian-clang 0.3.5 11.06 141.79 152.85 OK
r-devel-linux-x86_64-debian-gcc 0.3.5 8.98 105.10 114.08 OK
r-devel-linux-x86_64-fedora-clang 0.3.5 180.55 NOTE
r-devel-linux-x86_64-fedora-gcc 0.3.5 194.38 NOTE
r-devel-windows-ix86+x86_64 0.3.5 25.00 171.00 196.00 OK
r-patched-linux-x86_64 0.3.5 9.84 134.03 143.87 OK
r-patched-solaris-x86 0.3.5 245.00 NOTE
r-release-linux-x86_64 0.3.5 8.94 134.23 143.17 OK
r-release-macos-x86_64 0.3.5 NOTE
r-release-windows-ix86+x86_64 0.3.5 25.00 168.00 193.00 OK
r-oldrel-macos-x86_64 0.3.5 NOTE
r-oldrel-windows-ix86+x86_64 0.3.5 15.00 152.00 167.00 OK

Check Details

Version: 0.3.5
Check: dependencies in R code
Result: NOTE
    Namespace in Imports field not imported from: ‘generics’
     All declared Imports should be used.
Flavors: r-devel-linux-x86_64-fedora-clang, r-devel-linux-x86_64-fedora-gcc, r-patched-solaris-x86, r-release-macos-x86_64, r-oldrel-macos-x86_64