CRAN Package Check Results for Package choroplethrAdmin1

Last updated on 2021-01-25 00:47:53 CET.

Flavor Version Tinstall Tcheck Ttotal Status Flags
r-devel-linux-x86_64-debian-clang 1.1.1 5.07 50.43 55.50 OK
r-devel-linux-x86_64-debian-gcc 1.1.1 4.00 39.28 43.28 OK
r-devel-linux-x86_64-fedora-clang 1.1.1 75.12 NOTE
r-devel-linux-x86_64-fedora-gcc 1.1.1 63.82 OK
r-devel-windows-ix86+x86_64 1.1.1 13.00 74.00 87.00 NOTE
r-patched-linux-x86_64 1.1.1 5.58 47.25 52.83 OK
r-patched-solaris-x86 1.1.1 96.30 NOTE
r-release-linux-x86_64 1.1.1 5.76 47.75 53.51 OK
r-release-macos-x86_64 1.1.1 NOTE
r-release-windows-ix86+x86_64 1.1.1 24.00 71.00 95.00 NOTE
r-oldrel-macos-x86_64 1.1.1 NOTE
r-oldrel-windows-ix86+x86_64 1.1.1 10.00 70.00 80.00 NOTE

Check Details

Version: 1.1.1
Check: installed package size
Result: NOTE
     installed size is 18.0Mb
     sub-directories of 1Mb or more:
     data 17.9Mb
Flavors: r-devel-linux-x86_64-fedora-clang, r-devel-windows-ix86+x86_64, r-patched-solaris-x86, r-release-macos-x86_64, r-release-windows-ix86+x86_64, r-oldrel-macos-x86_64, r-oldrel-windows-ix86+x86_64